{"id":4164,"date":"2021-05-18T17:14:11","date_gmt":"2021-05-18T15:14:11","guid":{"rendered":"https:\/\/www.tamtamsn.com\/location\/?post_type=product&#038;p=4164"},"modified":"2022-06-07T12:16:19","modified_gmt":"2022-06-07T10:16:19","slug":"location-pack10","status":"publish","type":"product","link":"https:\/\/www.tamtamsn.com\/location\/produit\/location-pack10\/","title":{"rendered":"Location Pack 10"},"content":{"rendered":"<p>La Location du Pack Mega comprend la Sono, des Jeux de Lumi\u00e8res ainsi qu&rsquo;une petite Machine \u00e0 Fum\u00e9e.<br \/>\n<em>Il est pr\u00e9vu pour vos F\u00eates et Soir\u00e9es jusqu&rsquo;\u00e0 80 personnes.<\/em><\/p>\n<p><span style=\"text-decoration: underline;\"><strong>Caract\u00e9ristiques Techniques:<\/strong><\/span><\/p>\n<ul>\n<li>Un syst\u00e8me Son <a href=\"https:\/\/www.tamtamsn.com\/location\/produit\/systeme-son-hk-audio-polar-10\/\">HK Polar 10<\/a>:<br \/>\n<em><em>Compos\u00e9 d\u2019une colonne, d\u2019un subwoofer, ainsi qu\u2019un mixeur int\u00e9gr\u00e9 \u00e0 4 voies avec Bluetooth et livr\u00e9 avec ses housses de protection rembourr\u00e9es; Le Syst\u00e8me colonne HK AUDIO POLAR 10 r\u00e9pondra parfaitement aux exigences des musiciens et des DJ, mais aussi \u00e0 celles des \u00e9coles, des entreprises, etc.<\/em><\/em><\/p>\n<ul>\n<li><strong>Puissance:<\/strong> 2000W cr\u00eate (Colonne + Caisson)<\/li>\n<li><b>Maximum SPL @ 1 m:<\/b> 126 dB SPL de cr\u00eate \u00e0 1 m<\/li>\n<li><strong>R\u00e9ponse en Fr\u00e9quence:<\/strong> 38 \u2013 20 000 Hz<\/li>\n<li><b>Dispersion:<\/b> 120\u00b0 H x 30\u00b0 V<\/li>\n<li>Mixeur int\u00e9gr\u00e9 \u00e0 4 voies avec <img decoding=\"async\" class=\"logo_icone_text\" src=\"https:\/\/www.tamtamsn.com\/location\/wp-content\/uploads\/sites\/3\/2020\/06\/Logo-Bluetooth.png\" alt=\"Bluetooth\" \/><\/li>\n<li>Livr\u00e9 avec ses housses de protection rembourr\u00e9es<\/li>\n<\/ul>\n<\/li>\n<li>Un Micro <a href=\"https:\/\/www.tamtamsn.com\/location\/produit\/micro-fil-shure-sm58\/\">SM58<\/a>: <em>LE microphone le plus populaire dans le monde<\/em><\/li>\n<li>Un <a href=\"https:\/\/www.tamtamsn.com\/location\/produit\/pack-chauvet-gigbar\/\">CHAUVET GigBar<\/a>:\n<ul>\n<li><strong>9 effets lumi\u00e8res diff\u00e9rents sur 1 seule barre<\/strong><\/li>\n<li><strong>Fonctionne au rythme de la musique<\/strong><\/li>\n<li>Produit Plug&amp;Play = Montage en 2 minutes<\/li>\n<li>Possibilit\u00e9 d&rsquo;utiliser sa t\u00e9l\u00e9commande<\/li>\n<li>Livr\u00e9 avec son pied<\/li>\n<\/ul>\n<\/li>\n<li>Une\u00a0<a href=\"https:\/\/www.tamtamsn.com\/location\/produit\/machine-a-fumee-petit-modele\/\">Machine \u00e0 Fum\u00e9e<\/a> de 700w qui trace les faisceaux lumineux pour un rendu comme en discoth\u00e8que<\/li>\n<\/ul>\n<div class=\"specs box\">\n<p>&nbsp;<\/p>\n<div class=\"foule_icone icone_text\" style=\"text-align: center;\"><img decoding=\"async\" data-attachment-id=\"3726\" data-permalink=\"https:\/\/www.tamtamsn.com\/location\/?attachment_id=3726\" data-orig-file=\"https:\/\/www.tamtamsn.com\/location\/wp-content\/uploads\/sites\/3\/2020\/05\/Foule_icone.png\" data-orig-size=\"383,187\" data-comments-opened=\"1\" data-image-meta=\"{&quot;aperture&quot;:&quot;0&quot;,&quot;credit&quot;:&quot;&quot;,&quot;camera&quot;:&quot;&quot;,&quot;caption&quot;:&quot;&quot;,&quot;created_timestamp&quot;:&quot;0&quot;,&quot;copyright&quot;:&quot;&quot;,&quot;focal_length&quot;:&quot;0&quot;,&quot;iso&quot;:&quot;0&quot;,&quot;shutter_speed&quot;:&quot;0&quot;,&quot;title&quot;:&quot;&quot;,&quot;orientation&quot;:&quot;0&quot;}\" data-image-title=\"Foule icone\" data-image-description=\"&lt;p&gt;Foule icone&lt;\/p&gt;\n\" data-image-caption=\"&lt;p&gt;Foule icone&lt;\/p&gt;\n\" data-large-file=\"https:\/\/www.tamtamsn.com\/location\/wp-content\/uploads\/sites\/3\/2020\/05\/Foule_icone.png\" class=\"alignnone wp-image-3726\" src=\"https:\/\/www.tamtamsn.com\/location\/wp-content\/uploads\/sites\/3\/2020\/05\/Foule_icone.png\" alt=\"Nbr de Personnes\" width=\"270\" height=\"132\" srcset=\"https:\/\/www.tamtamsn.com\/location\/wp-content\/uploads\/sites\/3\/2020\/05\/Foule_icone.png 383w, https:\/\/www.tamtamsn.com\/location\/wp-content\/uploads\/sites\/3\/2020\/05\/Foule_icone-300x146.png 300w, https:\/\/www.tamtamsn.com\/location\/wp-content\/uploads\/sites\/3\/2020\/05\/Foule_icone-150x73.png 150w, https:\/\/www.tamtamsn.com\/location\/wp-content\/uploads\/sites\/3\/2020\/05\/Foule_icone-64x31.png 64w\" sizes=\"(max-width: 270px) 100vw, 270px\" \/><strong>Id\u00e9al pour vos \u00e9v\u00e9nements jusqu&rsquo;\u00e0 80 personnes.<\/strong><\/div>\n<p style=\"text-align: center;\"><b>Retrouvez tout notre catalogue de <a href=\"https:\/\/www.tamtamsn.com\/location\/categorie-produit\/tous-nos-packs\/\">location de Pack en Haute-Savoie.<\/a><\/b><\/p>\n<\/div>\n","protected":false},"excerpt":{"rendered":"<p>La Location du Pack 10 est une offre \u00ab\u00a0tout inclus\u00a0\u00bb. Le Pack 10 comprend le Son, la Lumi\u00e8re, un Micro et une Machine \u00e0 Fum\u00e9e pour mettre le tout en valeur.<\/p>\n","protected":false},"featured_media":4165,"template":"","meta":[],"product_brand":[],"product_cat":[559,558,556],"product_tag":[1023,1112,1113,1018,1307,1220,1296],"class_list":{"0":"post-4164","1":"product","2":"type-product","3":"status-publish","4":"has-post-thumbnail","6":"product_cat-nos-packs-lumiere","7":"product_cat-nos-packs-son","8":"product_cat-tous-nos-packs","9":"product_tag-location-effet-disco","10":"product_tag-location-enceinte-amplifiee","11":"product_tag-location-enceinte-array","12":"product_tag-location-jeux-de-lumiere","13":"product_tag-location-machine-a-effets","14":"product_tag-location-systeme-son-hk-audio","15":"product_tag-machine-a-fumee","16":"pa_marque-multi-marques","18":"first","19":"instock","20":"sale","21":"taxable","22":"shipping-taxable","23":"purchasable","24":"product-type-simple"},"yoast_head":"<!-- This site is optimized with the Yoast SEO Premium plugin v27.4 (Yoast SEO v27.4) - https:\/\/yoast.com\/product\/yoast-seo-premium-wordpress\/ -->\n<title>Location de Location Pack 10 - TAMTAM Annemasse Haute Savoie<\/title>\n<meta name=\"description\" content=\"Location de Location Pack 10 pour votre \u00e9v\u00e9nement entre Annemasse, Gen\u00e8ve, Bonneville, Annecy, Thonon, Evian. Location de Mat\u00e9riel de Sonorisation, Eclairage et Vid\u00e9o en Haute-Savoie.\" \/>\n<meta name=\"robots\" content=\"index, follow, max-snippet:-1, max-image-preview:large, max-video-preview:-1\" \/>\n<link rel=\"canonical\" href=\"https:\/\/www.tamtamsn.com\/location\/produit\/location-pack10\/\" \/>\n<meta property=\"og:locale\" content=\"fr_FR\" \/>\n<meta property=\"og:type\" content=\"article\" \/>\n<meta property=\"og:title\" content=\"Location Pack 10\" \/>\n<meta property=\"og:description\" content=\"La Location du Pack 10 est une offre &quot;tout inclus&quot;. Le Pack 10 comprend le Son, la Lumi\u00e8re, un Micro et une Machine \u00e0 Fum\u00e9e pour mettre le tout en valeur.\" \/>\n<meta property=\"og:url\" content=\"https:\/\/www.tamtamsn.com\/location\/produit\/location-pack10\/\" \/>\n<meta property=\"og:site_name\" content=\"TAMTAM Annemasse - Espace Location\" \/>\n<meta property=\"article:publisher\" content=\"https:\/\/www.facebook.com\/tamtam74100\" \/>\n<meta property=\"article:modified_time\" content=\"2022-06-07T10:16:19+00:00\" \/>\n<meta property=\"og:image\" content=\"https:\/\/www.tamtamsn.com\/location\/wp-content\/uploads\/sites\/3\/2021\/05\/CHAUVET-GigBar-Pack10-mf-1.png\" \/>\n\t<meta property=\"og:image:width\" content=\"1000\" \/>\n\t<meta property=\"og:image:height\" content=\"1000\" \/>\n\t<meta property=\"og:image:type\" content=\"image\/png\" \/>\n<meta name=\"twitter:card\" content=\"summary_large_image\" \/>\n<meta name=\"twitter:label1\" content=\"Dur\u00e9e de lecture estim\u00e9e\" \/>\n\t<meta name=\"twitter:data1\" content=\"2 minutes\" \/>\n<script type=\"application\/ld+json\" class=\"yoast-schema-graph\">{\"@context\":\"https:\\\/\\\/schema.org\",\"@graph\":[{\"@type\":[\"WebPage\",\"ItemPage\"],\"@id\":\"https:\\\/\\\/www.tamtamsn.com\\\/location\\\/produit\\\/location-pack10\\\/\",\"url\":\"https:\\\/\\\/www.tamtamsn.com\\\/location\\\/produit\\\/location-pack10\\\/\",\"name\":\"Location de Location Pack 10 - TAMTAM Annemasse Haute Savoie\",\"isPartOf\":{\"@id\":\"https:\\\/\\\/www.tamtamsn.com\\\/location\\\/#website\"},\"primaryImageOfPage\":{\"@id\":\"https:\\\/\\\/www.tamtamsn.com\\\/location\\\/produit\\\/location-pack10\\\/#primaryimage\"},\"image\":{\"@id\":\"https:\\\/\\\/www.tamtamsn.com\\\/location\\\/produit\\\/location-pack10\\\/#primaryimage\"},\"thumbnailUrl\":\"https:\\\/\\\/www.tamtamsn.com\\\/location\\\/wp-content\\\/uploads\\\/sites\\\/3\\\/2021\\\/05\\\/CHAUVET-GigBar-Pack10-mf-1.png\",\"datePublished\":\"2021-05-18T15:14:11+00:00\",\"dateModified\":\"2022-06-07T10:16:19+00:00\",\"description\":\"Location de Location Pack 10 pour votre \u00e9v\u00e9nement entre Annemasse, Gen\u00e8ve, Bonneville, Annecy, Thonon, Evian. Location de Mat\u00e9riel de Sonorisation, Eclairage et Vid\u00e9o en Haute-Savoie.\",\"breadcrumb\":{\"@id\":\"https:\\\/\\\/www.tamtamsn.com\\\/location\\\/produit\\\/location-pack10\\\/#breadcrumb\"},\"inLanguage\":\"fr-FR\",\"potentialAction\":[{\"@type\":\"ReadAction\",\"target\":[\"https:\\\/\\\/www.tamtamsn.com\\\/location\\\/produit\\\/location-pack10\\\/\"]}]},{\"@type\":\"ImageObject\",\"inLanguage\":\"fr-FR\",\"@id\":\"https:\\\/\\\/www.tamtamsn.com\\\/location\\\/produit\\\/location-pack10\\\/#primaryimage\",\"url\":\"https:\\\/\\\/www.tamtamsn.com\\\/location\\\/wp-content\\\/uploads\\\/sites\\\/3\\\/2021\\\/05\\\/CHAUVET-GigBar-Pack10-mf-1.png\",\"contentUrl\":\"https:\\\/\\\/www.tamtamsn.com\\\/location\\\/wp-content\\\/uploads\\\/sites\\\/3\\\/2021\\\/05\\\/CHAUVET-GigBar-Pack10-mf-1.png\",\"width\":1000,\"height\":1000,\"caption\":\"Location Pack10 avec CHAUVET GigBar \u00e0 Annemasse, en Haute-Savoie.\"},{\"@type\":\"BreadcrumbList\",\"@id\":\"https:\\\/\\\/www.tamtamsn.com\\\/location\\\/produit\\\/location-pack10\\\/#breadcrumb\",\"itemListElement\":[{\"@type\":\"ListItem\",\"position\":1,\"name\":\"Catalogue de Location de Mat\u00e9riel de Sonorisation, Eclairage &amp; Vid\u00e9o en Haute-Savoie\",\"item\":\"https:\\\/\\\/www.tamtamsn.com\\\/location\\\/\"},{\"@type\":\"ListItem\",\"position\":2,\"name\":\"Notre Catalogue Location en ligne\",\"item\":\"https:\\\/\\\/www.tamtamsn.com\\\/location\\\/catalogue-en-ligne-location-sonorisation-eclairage-video\\\/\"},{\"@type\":\"ListItem\",\"position\":3,\"name\":\"Location Effet disco\",\"item\":\"https:\\\/\\\/www.tamtamsn.com\\\/location\\\/etiquette-produit\\\/location-effet-disco\\\/\"},{\"@type\":\"ListItem\",\"position\":4,\"name\":\"Location Pack 10\"}]},{\"@type\":\"WebSite\",\"@id\":\"https:\\\/\\\/www.tamtamsn.com\\\/location\\\/#website\",\"url\":\"https:\\\/\\\/www.tamtamsn.com\\\/location\\\/\",\"name\":\"TAMTAM Annemasse - Espace Location\",\"description\":\"Location de mat\u00e9riel de Sonorisation, Eclairage et Vid\u00e9o \u00e0 Annemasse, Haute-Savoie et sur le Bassin Genevois\",\"publisher\":{\"@id\":\"https:\\\/\\\/www.tamtamsn.com\\\/location\\\/#organization\"},\"potentialAction\":[{\"@type\":\"SearchAction\",\"target\":{\"@type\":\"EntryPoint\",\"urlTemplate\":\"https:\\\/\\\/www.tamtamsn.com\\\/location\\\/?s={search_term_string}\"},\"query-input\":{\"@type\":\"PropertyValueSpecification\",\"valueRequired\":true,\"valueName\":\"search_term_string\"}}],\"inLanguage\":\"fr-FR\"},{\"@type\":\"Organization\",\"@id\":\"https:\\\/\\\/www.tamtamsn.com\\\/location\\\/#organization\",\"name\":\"TAMTAM\",\"url\":\"https:\\\/\\\/www.tamtamsn.com\\\/location\\\/\",\"logo\":{\"@type\":\"ImageObject\",\"inLanguage\":\"fr-FR\",\"@id\":\"https:\\\/\\\/www.tamtamsn.com\\\/location\\\/#\\\/schema\\\/logo\\\/image\\\/\",\"url\":\"\",\"contentUrl\":\"\",\"caption\":\"TAMTAM\"},\"image\":{\"@id\":\"https:\\\/\\\/www.tamtamsn.com\\\/location\\\/#\\\/schema\\\/logo\\\/image\\\/\"},\"sameAs\":[\"https:\\\/\\\/www.facebook.com\\\/tamtam74100\"]}]}<\/script>\n<!-- \/ Yoast SEO Premium plugin. -->","yoast_head_json":{"title":"Location de Location Pack 10 - TAMTAM Annemasse Haute Savoie","description":"Location de Location Pack 10 pour votre \u00e9v\u00e9nement entre Annemasse, Gen\u00e8ve, Bonneville, Annecy, Thonon, Evian. Location de Mat\u00e9riel de Sonorisation, Eclairage et Vid\u00e9o en Haute-Savoie.","robots":{"index":"index","follow":"follow","max-snippet":"max-snippet:-1","max-image-preview":"max-image-preview:large","max-video-preview":"max-video-preview:-1"},"canonical":"https:\/\/www.tamtamsn.com\/location\/produit\/location-pack10\/","og_locale":"fr_FR","og_type":"article","og_title":"Location Pack 10","og_description":"La Location du Pack 10 est une offre \"tout inclus\". Le Pack 10 comprend le Son, la Lumi\u00e8re, un Micro et une Machine \u00e0 Fum\u00e9e pour mettre le tout en valeur.","og_url":"https:\/\/www.tamtamsn.com\/location\/produit\/location-pack10\/","og_site_name":"TAMTAM Annemasse - Espace Location","article_publisher":"https:\/\/www.facebook.com\/tamtam74100","article_modified_time":"2022-06-07T10:16:19+00:00","og_image":[{"width":1000,"height":1000,"url":"https:\/\/www.tamtamsn.com\/location\/wp-content\/uploads\/sites\/3\/2021\/05\/CHAUVET-GigBar-Pack10-mf-1.png","type":"image\/png"}],"twitter_card":"summary_large_image","twitter_misc":{"Dur\u00e9e de lecture estim\u00e9e":"2 minutes"},"schema":{"@context":"https:\/\/schema.org","@graph":[{"@type":["WebPage","ItemPage"],"@id":"https:\/\/www.tamtamsn.com\/location\/produit\/location-pack10\/","url":"https:\/\/www.tamtamsn.com\/location\/produit\/location-pack10\/","name":"Location de Location Pack 10 - TAMTAM Annemasse Haute Savoie","isPartOf":{"@id":"https:\/\/www.tamtamsn.com\/location\/#website"},"primaryImageOfPage":{"@id":"https:\/\/www.tamtamsn.com\/location\/produit\/location-pack10\/#primaryimage"},"image":{"@id":"https:\/\/www.tamtamsn.com\/location\/produit\/location-pack10\/#primaryimage"},"thumbnailUrl":"https:\/\/www.tamtamsn.com\/location\/wp-content\/uploads\/sites\/3\/2021\/05\/CHAUVET-GigBar-Pack10-mf-1.png","datePublished":"2021-05-18T15:14:11+00:00","dateModified":"2022-06-07T10:16:19+00:00","description":"Location de Location Pack 10 pour votre \u00e9v\u00e9nement entre Annemasse, Gen\u00e8ve, Bonneville, Annecy, Thonon, Evian. Location de Mat\u00e9riel de Sonorisation, Eclairage et Vid\u00e9o en Haute-Savoie.","breadcrumb":{"@id":"https:\/\/www.tamtamsn.com\/location\/produit\/location-pack10\/#breadcrumb"},"inLanguage":"fr-FR","potentialAction":[{"@type":"ReadAction","target":["https:\/\/www.tamtamsn.com\/location\/produit\/location-pack10\/"]}]},{"@type":"ImageObject","inLanguage":"fr-FR","@id":"https:\/\/www.tamtamsn.com\/location\/produit\/location-pack10\/#primaryimage","url":"https:\/\/www.tamtamsn.com\/location\/wp-content\/uploads\/sites\/3\/2021\/05\/CHAUVET-GigBar-Pack10-mf-1.png","contentUrl":"https:\/\/www.tamtamsn.com\/location\/wp-content\/uploads\/sites\/3\/2021\/05\/CHAUVET-GigBar-Pack10-mf-1.png","width":1000,"height":1000,"caption":"Location Pack10 avec CHAUVET GigBar \u00e0 Annemasse, en Haute-Savoie."},{"@type":"BreadcrumbList","@id":"https:\/\/www.tamtamsn.com\/location\/produit\/location-pack10\/#breadcrumb","itemListElement":[{"@type":"ListItem","position":1,"name":"Catalogue de Location de Mat\u00e9riel de Sonorisation, Eclairage &amp; Vid\u00e9o en Haute-Savoie","item":"https:\/\/www.tamtamsn.com\/location\/"},{"@type":"ListItem","position":2,"name":"Notre Catalogue Location en ligne","item":"https:\/\/www.tamtamsn.com\/location\/catalogue-en-ligne-location-sonorisation-eclairage-video\/"},{"@type":"ListItem","position":3,"name":"Location Effet disco","item":"https:\/\/www.tamtamsn.com\/location\/etiquette-produit\/location-effet-disco\/"},{"@type":"ListItem","position":4,"name":"Location Pack 10"}]},{"@type":"WebSite","@id":"https:\/\/www.tamtamsn.com\/location\/#website","url":"https:\/\/www.tamtamsn.com\/location\/","name":"TAMTAM Annemasse - Espace Location","description":"Location de mat\u00e9riel de Sonorisation, Eclairage et Vid\u00e9o \u00e0 Annemasse, Haute-Savoie et sur le Bassin Genevois","publisher":{"@id":"https:\/\/www.tamtamsn.com\/location\/#organization"},"potentialAction":[{"@type":"SearchAction","target":{"@type":"EntryPoint","urlTemplate":"https:\/\/www.tamtamsn.com\/location\/?s={search_term_string}"},"query-input":{"@type":"PropertyValueSpecification","valueRequired":true,"valueName":"search_term_string"}}],"inLanguage":"fr-FR"},{"@type":"Organization","@id":"https:\/\/www.tamtamsn.com\/location\/#organization","name":"TAMTAM","url":"https:\/\/www.tamtamsn.com\/location\/","logo":{"@type":"ImageObject","inLanguage":"fr-FR","@id":"https:\/\/www.tamtamsn.com\/location\/#\/schema\/logo\/image\/","url":"","contentUrl":"","caption":"TAMTAM"},"image":{"@id":"https:\/\/www.tamtamsn.com\/location\/#\/schema\/logo\/image\/"},"sameAs":["https:\/\/www.facebook.com\/tamtam74100"]}]}},"jetpack_sharing_enabled":true,"_links":{"self":[{"href":"https:\/\/www.tamtamsn.com\/location\/wp-json\/wp\/v2\/product\/4164","targetHints":{"allow":["GET"]}}],"collection":[{"href":"https:\/\/www.tamtamsn.com\/location\/wp-json\/wp\/v2\/product"}],"about":[{"href":"https:\/\/www.tamtamsn.com\/location\/wp-json\/wp\/v2\/types\/product"}],"wp:featuredmedia":[{"embeddable":true,"href":"https:\/\/www.tamtamsn.com\/location\/wp-json\/wp\/v2\/media\/4165"}],"wp:attachment":[{"href":"https:\/\/www.tamtamsn.com\/location\/wp-json\/wp\/v2\/media?parent=4164"}],"wp:term":[{"taxonomy":"product_brand","embeddable":true,"href":"https:\/\/www.tamtamsn.com\/location\/wp-json\/wp\/v2\/product_brand?post=4164"},{"taxonomy":"product_cat","embeddable":true,"href":"https:\/\/www.tamtamsn.com\/location\/wp-json\/wp\/v2\/product_cat?post=4164"},{"taxonomy":"product_tag","embeddable":true,"href":"https:\/\/www.tamtamsn.com\/location\/wp-json\/wp\/v2\/product_tag?post=4164"}],"curies":[{"name":"wp","href":"https:\/\/api.w.org\/{rel}","templated":true}]}}