{"id":2618,"date":"2025-02-28T13:59:45","date_gmt":"2025-02-28T12:59:45","guid":{"rendered":"https:\/\/www.tamtamsn.com\/location\/produit\/triangle-de-lycra-extensible-300cm-x-300cm\/"},"modified":"2025-08-13T15:36:42","modified_gmt":"2025-08-13T13:36:42","slug":"strob-led","status":"publish","type":"product","link":"https:\/\/www.tamtamsn.com\/location\/produit\/strob-led\/","title":{"rendered":"Stroboscope Led COB 200W"},"content":{"rendered":"<p>Caract\u00e9ristiques techniques :<\/p>\n<p>\u2022 Source lumineuse : 4 LED COB 50 W (5700\u00b0k)<br \/>\n\u2022 Puissance : 200 W<br \/>\n\u2022 Canaux DMX : 1 \/ 6 \/ 7<br \/>\n\u2022 Mode de pilotage : Auto, DMX, Master\/Slave<br \/>\n\u2022 Dimmer : 0 &#8211; 100 % \/ Strobe 0 &#8211; 20 Hz<br \/>\n\u2022 Angle : 120\u00b0<br \/>\n\u2022 Indice IP : 20<br \/>\n\u2022 Alimentation : AC 100 &#8211; 240 V<br \/>\n\u2022 Fr\u00e9quence : 50 \/ 60 Hz<br \/>\n\u2022 Consommation : 220 W<br \/>\n\u2022 Temp\u00e9rature d\u2019utilisation de \u2013 20 \u00e0 + 40\u00b0C<br \/>\n\u2022 Dur\u00e9e de vie des LED 50 000 H<br \/>\n\u2022 Dimensions : 540 x 320 x 210 mm<br \/>\n\u2022 Poids : 8.5 kg<\/p>\n","protected":false},"excerpt":{"rendered":"<p>Le STROBE LED COB 200 permet gr\u00e2ce \u00e0 la nouvelle technologie COB de produire un effet strobe se rapprochant fid\u00e8lement de celui produit par une ampoule halog\u00e8ne.<\/p>\n<p>Sa puissance de 200W est obtenue par 8 LEDs COB de 25W blanches ainsi que\u00a0son pilotage DMX abouti et sa coque m\u00e9tal tr\u00e8s robuste lui permettant de r\u00e9aliser des applications professionnelles avec efficacit\u00e9.<\/p>\n","protected":false},"featured_media":4832,"template":"","meta":[],"product_brand":[],"product_cat":[553,1517],"product_tag":[1018],"class_list":{"0":"post-2618","1":"product","2":"type-product","3":"status-publish","4":"has-post-thumbnail","6":"product_cat-eclairage-light-oeuvre","7":"product_cat-effet-animation","8":"product_tag-location-jeux-de-lumiere","10":"first","11":"instock","12":"taxable","13":"shipping-taxable","14":"purchasable","15":"product-type-simple"},"yoast_head":"<!-- This site is optimized with the Yoast SEO Premium plugin v27.3 (Yoast SEO v27.3) - https:\/\/yoast.com\/product\/yoast-seo-premium-wordpress\/ -->\n<title>Location de stroboscope led TAMTAM Annemasse<\/title>\n<meta name=\"description\" content=\"Location de stroboscope pour votre \u00e9v\u00e9nement entre Annemasse, Gen\u00e8ve, Annecy, Thonon, Evian.Location de Mat\u00e9riel de Sonorisation, Eclairage en Haute-Savoie.\" \/>\n<meta name=\"robots\" content=\"index, follow, max-snippet:-1, max-image-preview:large, max-video-preview:-1\" \/>\n<link rel=\"canonical\" href=\"https:\/\/www.tamtamsn.com\/location\/produit\/strob-led\/\" \/>\n<meta property=\"og:locale\" content=\"fr_FR\" \/>\n<meta property=\"og:type\" content=\"article\" \/>\n<meta property=\"og:title\" content=\"Stroboscope Led COB 200W\" \/>\n<meta property=\"og:description\" content=\"Le STROBE LED COB 200 permet gr\u00e2ce \u00e0 la nouvelle technologie COB de produire un effet strobe se rapprochant fid\u00e8lement de celui produit par une ampoule halog\u00e8ne.  Sa puissance de 200W est obtenue par 8 LEDs COB de 25W blanches ainsi que\u00a0son pilotage DMX abouti et sa coque m\u00e9tal tr\u00e8s robuste lui permettant de r\u00e9aliser des applications professionnelles avec efficacit\u00e9.\" \/>\n<meta property=\"og:url\" content=\"https:\/\/www.tamtamsn.com\/location\/produit\/strob-led\/\" \/>\n<meta property=\"og:site_name\" content=\"TAMTAM Annemasse - Espace Location\" \/>\n<meta property=\"article:publisher\" content=\"https:\/\/www.facebook.com\/tamtam74100\" \/>\n<meta property=\"article:modified_time\" content=\"2025-08-13T13:36:42+00:00\" \/>\n<meta property=\"og:image\" content=\"https:\/\/www.tamtamsn.com\/location\/wp-content\/uploads\/sites\/3\/2019\/12\/strob-cob-200.jpg\" \/>\n\t<meta property=\"og:image:width\" content=\"1100\" \/>\n\t<meta property=\"og:image:height\" content=\"1422\" \/>\n\t<meta property=\"og:image:type\" content=\"image\/jpeg\" \/>\n<meta name=\"twitter:card\" content=\"summary_large_image\" \/>\n<meta name=\"twitter:label1\" content=\"Dur\u00e9e de lecture estim\u00e9e\" \/>\n\t<meta name=\"twitter:data1\" content=\"1 minute\" \/>\n<script type=\"application\/ld+json\" class=\"yoast-schema-graph\">{\"@context\":\"https:\\\/\\\/schema.org\",\"@graph\":[{\"@type\":[\"WebPage\",\"ItemPage\"],\"@id\":\"https:\\\/\\\/www.tamtamsn.com\\\/location\\\/produit\\\/strob-led\\\/\",\"url\":\"https:\\\/\\\/www.tamtamsn.com\\\/location\\\/produit\\\/strob-led\\\/\",\"name\":\"Location de stroboscope led TAMTAM Annemasse\",\"isPartOf\":{\"@id\":\"https:\\\/\\\/www.tamtamsn.com\\\/location\\\/#website\"},\"primaryImageOfPage\":{\"@id\":\"https:\\\/\\\/www.tamtamsn.com\\\/location\\\/produit\\\/strob-led\\\/#primaryimage\"},\"image\":{\"@id\":\"https:\\\/\\\/www.tamtamsn.com\\\/location\\\/produit\\\/strob-led\\\/#primaryimage\"},\"thumbnailUrl\":\"https:\\\/\\\/www.tamtamsn.com\\\/location\\\/wp-content\\\/uploads\\\/sites\\\/3\\\/2019\\\/12\\\/strob-cob-200.jpg\",\"datePublished\":\"2025-02-28T12:59:45+00:00\",\"dateModified\":\"2025-08-13T13:36:42+00:00\",\"description\":\"Location de stroboscope pour votre \u00e9v\u00e9nement entre Annemasse, Gen\u00e8ve, Annecy, Thonon, Evian.Location de Mat\u00e9riel de Sonorisation, Eclairage en Haute-Savoie.\",\"breadcrumb\":{\"@id\":\"https:\\\/\\\/www.tamtamsn.com\\\/location\\\/produit\\\/strob-led\\\/#breadcrumb\"},\"inLanguage\":\"fr-FR\",\"potentialAction\":[{\"@type\":\"ReadAction\",\"target\":[\"https:\\\/\\\/www.tamtamsn.com\\\/location\\\/produit\\\/strob-led\\\/\"]}]},{\"@type\":\"ImageObject\",\"inLanguage\":\"fr-FR\",\"@id\":\"https:\\\/\\\/www.tamtamsn.com\\\/location\\\/produit\\\/strob-led\\\/#primaryimage\",\"url\":\"https:\\\/\\\/www.tamtamsn.com\\\/location\\\/wp-content\\\/uploads\\\/sites\\\/3\\\/2019\\\/12\\\/strob-cob-200.jpg\",\"contentUrl\":\"https:\\\/\\\/www.tamtamsn.com\\\/location\\\/wp-content\\\/uploads\\\/sites\\\/3\\\/2019\\\/12\\\/strob-cob-200.jpg\",\"width\":1100,\"height\":1422},{\"@type\":\"BreadcrumbList\",\"@id\":\"https:\\\/\\\/www.tamtamsn.com\\\/location\\\/produit\\\/strob-led\\\/#breadcrumb\",\"itemListElement\":[{\"@type\":\"ListItem\",\"position\":1,\"name\":\"Catalogue de Location de Mat\u00e9riel de Sonorisation, Eclairage &amp; Vid\u00e9o en Haute-Savoie\",\"item\":\"https:\\\/\\\/www.tamtamsn.com\\\/location\\\/\"},{\"@type\":\"ListItem\",\"position\":2,\"name\":\"Notre Catalogue Location en ligne\",\"item\":\"https:\\\/\\\/www.tamtamsn.com\\\/location\\\/catalogue-en-ligne-location-sonorisation-eclairage-video\\\/\"},{\"@type\":\"ListItem\",\"position\":3,\"name\":\"Location Jeux de lumi\u00e8re\",\"item\":\"https:\\\/\\\/www.tamtamsn.com\\\/location\\\/etiquette-produit\\\/location-jeux-de-lumiere\\\/\"},{\"@type\":\"ListItem\",\"position\":4,\"name\":\"Stroboscope Led COB 200W\"}]},{\"@type\":\"WebSite\",\"@id\":\"https:\\\/\\\/www.tamtamsn.com\\\/location\\\/#website\",\"url\":\"https:\\\/\\\/www.tamtamsn.com\\\/location\\\/\",\"name\":\"TAMTAM Annemasse - Espace Location\",\"description\":\"Location de mat\u00e9riel de Sonorisation, Eclairage et Vid\u00e9o \u00e0 Annemasse, Haute-Savoie et sur le Bassin Genevois\",\"publisher\":{\"@id\":\"https:\\\/\\\/www.tamtamsn.com\\\/location\\\/#organization\"},\"potentialAction\":[{\"@type\":\"SearchAction\",\"target\":{\"@type\":\"EntryPoint\",\"urlTemplate\":\"https:\\\/\\\/www.tamtamsn.com\\\/location\\\/?s={search_term_string}\"},\"query-input\":{\"@type\":\"PropertyValueSpecification\",\"valueRequired\":true,\"valueName\":\"search_term_string\"}}],\"inLanguage\":\"fr-FR\"},{\"@type\":\"Organization\",\"@id\":\"https:\\\/\\\/www.tamtamsn.com\\\/location\\\/#organization\",\"name\":\"TAMTAM\",\"url\":\"https:\\\/\\\/www.tamtamsn.com\\\/location\\\/\",\"logo\":{\"@type\":\"ImageObject\",\"inLanguage\":\"fr-FR\",\"@id\":\"https:\\\/\\\/www.tamtamsn.com\\\/location\\\/#\\\/schema\\\/logo\\\/image\\\/\",\"url\":\"\",\"contentUrl\":\"\",\"caption\":\"TAMTAM\"},\"image\":{\"@id\":\"https:\\\/\\\/www.tamtamsn.com\\\/location\\\/#\\\/schema\\\/logo\\\/image\\\/\"},\"sameAs\":[\"https:\\\/\\\/www.facebook.com\\\/tamtam74100\"]}]}<\/script>\n<!-- \/ Yoast SEO Premium plugin. -->","yoast_head_json":{"title":"Location de stroboscope led TAMTAM Annemasse","description":"Location de stroboscope pour votre \u00e9v\u00e9nement entre Annemasse, Gen\u00e8ve, Annecy, Thonon, Evian.Location de Mat\u00e9riel de Sonorisation, Eclairage en Haute-Savoie.","robots":{"index":"index","follow":"follow","max-snippet":"max-snippet:-1","max-image-preview":"max-image-preview:large","max-video-preview":"max-video-preview:-1"},"canonical":"https:\/\/www.tamtamsn.com\/location\/produit\/strob-led\/","og_locale":"fr_FR","og_type":"article","og_title":"Stroboscope Led COB 200W","og_description":"Le STROBE LED COB 200 permet gr\u00e2ce \u00e0 la nouvelle technologie COB de produire un effet strobe se rapprochant fid\u00e8lement de celui produit par une ampoule halog\u00e8ne.  Sa puissance de 200W est obtenue par 8 LEDs COB de 25W blanches ainsi que\u00a0son pilotage DMX abouti et sa coque m\u00e9tal tr\u00e8s robuste lui permettant de r\u00e9aliser des applications professionnelles avec efficacit\u00e9.","og_url":"https:\/\/www.tamtamsn.com\/location\/produit\/strob-led\/","og_site_name":"TAMTAM Annemasse - Espace Location","article_publisher":"https:\/\/www.facebook.com\/tamtam74100","article_modified_time":"2025-08-13T13:36:42+00:00","og_image":[{"width":1100,"height":1422,"url":"https:\/\/www.tamtamsn.com\/location\/wp-content\/uploads\/sites\/3\/2019\/12\/strob-cob-200.jpg","type":"image\/jpeg"}],"twitter_card":"summary_large_image","twitter_misc":{"Dur\u00e9e de lecture estim\u00e9e":"1 minute"},"schema":{"@context":"https:\/\/schema.org","@graph":[{"@type":["WebPage","ItemPage"],"@id":"https:\/\/www.tamtamsn.com\/location\/produit\/strob-led\/","url":"https:\/\/www.tamtamsn.com\/location\/produit\/strob-led\/","name":"Location de stroboscope led TAMTAM Annemasse","isPartOf":{"@id":"https:\/\/www.tamtamsn.com\/location\/#website"},"primaryImageOfPage":{"@id":"https:\/\/www.tamtamsn.com\/location\/produit\/strob-led\/#primaryimage"},"image":{"@id":"https:\/\/www.tamtamsn.com\/location\/produit\/strob-led\/#primaryimage"},"thumbnailUrl":"https:\/\/www.tamtamsn.com\/location\/wp-content\/uploads\/sites\/3\/2019\/12\/strob-cob-200.jpg","datePublished":"2025-02-28T12:59:45+00:00","dateModified":"2025-08-13T13:36:42+00:00","description":"Location de stroboscope pour votre \u00e9v\u00e9nement entre Annemasse, Gen\u00e8ve, Annecy, Thonon, Evian.Location de Mat\u00e9riel de Sonorisation, Eclairage en Haute-Savoie.","breadcrumb":{"@id":"https:\/\/www.tamtamsn.com\/location\/produit\/strob-led\/#breadcrumb"},"inLanguage":"fr-FR","potentialAction":[{"@type":"ReadAction","target":["https:\/\/www.tamtamsn.com\/location\/produit\/strob-led\/"]}]},{"@type":"ImageObject","inLanguage":"fr-FR","@id":"https:\/\/www.tamtamsn.com\/location\/produit\/strob-led\/#primaryimage","url":"https:\/\/www.tamtamsn.com\/location\/wp-content\/uploads\/sites\/3\/2019\/12\/strob-cob-200.jpg","contentUrl":"https:\/\/www.tamtamsn.com\/location\/wp-content\/uploads\/sites\/3\/2019\/12\/strob-cob-200.jpg","width":1100,"height":1422},{"@type":"BreadcrumbList","@id":"https:\/\/www.tamtamsn.com\/location\/produit\/strob-led\/#breadcrumb","itemListElement":[{"@type":"ListItem","position":1,"name":"Catalogue de Location de Mat\u00e9riel de Sonorisation, Eclairage &amp; Vid\u00e9o en Haute-Savoie","item":"https:\/\/www.tamtamsn.com\/location\/"},{"@type":"ListItem","position":2,"name":"Notre Catalogue Location en ligne","item":"https:\/\/www.tamtamsn.com\/location\/catalogue-en-ligne-location-sonorisation-eclairage-video\/"},{"@type":"ListItem","position":3,"name":"Location Jeux de lumi\u00e8re","item":"https:\/\/www.tamtamsn.com\/location\/etiquette-produit\/location-jeux-de-lumiere\/"},{"@type":"ListItem","position":4,"name":"Stroboscope Led COB 200W"}]},{"@type":"WebSite","@id":"https:\/\/www.tamtamsn.com\/location\/#website","url":"https:\/\/www.tamtamsn.com\/location\/","name":"TAMTAM Annemasse - Espace Location","description":"Location de mat\u00e9riel de Sonorisation, Eclairage et Vid\u00e9o \u00e0 Annemasse, Haute-Savoie et sur le Bassin Genevois","publisher":{"@id":"https:\/\/www.tamtamsn.com\/location\/#organization"},"potentialAction":[{"@type":"SearchAction","target":{"@type":"EntryPoint","urlTemplate":"https:\/\/www.tamtamsn.com\/location\/?s={search_term_string}"},"query-input":{"@type":"PropertyValueSpecification","valueRequired":true,"valueName":"search_term_string"}}],"inLanguage":"fr-FR"},{"@type":"Organization","@id":"https:\/\/www.tamtamsn.com\/location\/#organization","name":"TAMTAM","url":"https:\/\/www.tamtamsn.com\/location\/","logo":{"@type":"ImageObject","inLanguage":"fr-FR","@id":"https:\/\/www.tamtamsn.com\/location\/#\/schema\/logo\/image\/","url":"","contentUrl":"","caption":"TAMTAM"},"image":{"@id":"https:\/\/www.tamtamsn.com\/location\/#\/schema\/logo\/image\/"},"sameAs":["https:\/\/www.facebook.com\/tamtam74100"]}]}},"jetpack_sharing_enabled":true,"_links":{"self":[{"href":"https:\/\/www.tamtamsn.com\/location\/wp-json\/wp\/v2\/product\/2618","targetHints":{"allow":["GET"]}}],"collection":[{"href":"https:\/\/www.tamtamsn.com\/location\/wp-json\/wp\/v2\/product"}],"about":[{"href":"https:\/\/www.tamtamsn.com\/location\/wp-json\/wp\/v2\/types\/product"}],"wp:featuredmedia":[{"embeddable":true,"href":"https:\/\/www.tamtamsn.com\/location\/wp-json\/wp\/v2\/media\/4832"}],"wp:attachment":[{"href":"https:\/\/www.tamtamsn.com\/location\/wp-json\/wp\/v2\/media?parent=2618"}],"wp:term":[{"taxonomy":"product_brand","embeddable":true,"href":"https:\/\/www.tamtamsn.com\/location\/wp-json\/wp\/v2\/product_brand?post=2618"},{"taxonomy":"product_cat","embeddable":true,"href":"https:\/\/www.tamtamsn.com\/location\/wp-json\/wp\/v2\/product_cat?post=2618"},{"taxonomy":"product_tag","embeddable":true,"href":"https:\/\/www.tamtamsn.com\/location\/wp-json\/wp\/v2\/product_tag?post=2618"}],"curies":[{"name":"wp","href":"https:\/\/api.w.org\/{rel}","templated":true}]}}