{"id":2616,"date":"2025-02-28T14:35:45","date_gmt":"2025-02-28T13:35:45","guid":{"rendered":"https:\/\/www.tamtamsn.com\/location\/produit\/carre-de-lycra-extensible-550cm-x-550cm\/"},"modified":"2025-08-13T15:35:32","modified_gmt":"2025-08-13T13:35:32","slug":"poursuite-followspot-75st","status":"publish","type":"product","link":"https:\/\/www.tamtamsn.com\/location\/produit\/poursuite-followspot-75st\/","title":{"rendered":"Poursuite LED Chauvet FollowSpot 75ST"},"content":{"rendered":"<header class=\"header title box\">\n<h2 class=\"fontface\">Caract\u00e9ristiques techniques<\/h2>\n<\/header>\n<div class=\"specs box\">\n<ul class=\"list fontface\">\n<li><span class=\"fontface bold\">Canaux DMX:<\/span>3<\/li>\n<li><span class=\"fontface bold\">Connecteurs DMX:<\/span>XLR 3 broches<\/li>\n<li><span class=\"fontface bold\">Couleurs:<\/span>7 + blanc<\/li>\n<li><span class=\"fontface bold\">Source lumineuse:<\/span>1 LED (blanc froid) 75 W (18 A), dur\u00e9e de vie environ 50 000 heures<\/li>\n<li><span class=\"fontface bold\">Fr\u00e9quence stroboscopique:<\/span>de 0 \u00e0 16 Hz<\/li>\n<li><span class=\"fontface bold\">Zoom Angle:<\/span>de 14\u00b0 \u00e0 20\u00b0 (manuel)<\/li>\n<li><span class=\"fontface bold\">Compatible avec un tr\u00e9pied de taille:<\/span>1.36 in (35 mm)<\/li>\n<li><span class=\"fontface bold\">\u00c9clairement lumineux:<\/span>8 140 lux @ 2 m (14\u00b0)<br \/>\n4 650 lux @ 2 m (20\u00b0)<\/li>\n<li><span class=\"fontface bold\">Tension d&rsquo;entr\u00e9e:<\/span>120\/230 VAC, 50\/60 Hz (r\u00e9glable)<\/li>\n<li><span class=\"fontface bold\">Puissance et intensit\u00e9:<\/span>215 W, 1,8 A \u00e0 120 V, 60 Hz<br \/>\n220 W, 1 A \u00e0 230 V, 50 Hz<\/li>\n<li><span class=\"fontface bold\">Taille de Gobo:<\/span>\u00a0Ext\u00e9rieur 23,7 mm, image 21,3 mm, \u00e9paisseur max. 1 mm<\/li>\n<li><span class=\"fontface bold\">Poids:<\/span>13,3 lb (6 Kg)<\/li>\n<li><span class=\"fontface bold\">Dimensions:<\/span>\u00a0560 x 276 x 292 mm (22 x 10,8 x 11,5 po)<\/li>\n<li><span class=\"fontface bold\">Homologations:<\/span>CE, MET<\/li>\n<\/ul>\n<\/div>\n","protected":false},"excerpt":{"rendered":"<div class=\"content content-block\">\n<div class=\"content content-block\">\n<p>&nbsp;<\/p>\n<p>&nbsp;<\/p>\n<p>Cette poursuite LED blanc de 75 watts diffuse un faisceau pr\u00e9cis aux contours bien nets.<\/p>\n<p>Facile \u00e0 installer et \u00e0 d\u00e9monter, Son stroboscope \u00e9lectronique est ultra rapide, silencieux et sans aucune vibration.<\/p>\n<p>Le dimmer LED et ses courbes douces sont parfaits pour focaliser votre sujet.\u00a0 Avec sa fente gobo, projetez des motifs nets sur tous types de surfaces.<\/p>\n<\/div>\n<div class=\"video featured box\"><\/div>\n<\/div>\n","protected":false},"featured_media":4834,"template":"","meta":[],"product_brand":[],"product_cat":[553,1514],"product_tag":[],"class_list":{"0":"post-2616","1":"product","2":"type-product","3":"status-publish","4":"has-post-thumbnail","6":"product_cat-eclairage-light-oeuvre","7":"product_cat-projecteur-colorisation","9":"first","10":"instock","11":"taxable","12":"shipping-taxable","13":"purchasable","14":"product-type-simple"},"yoast_head":"<!-- This site is optimized with the Yoast SEO Premium plugin v27.3 (Yoast SEO v27.3) - https:\/\/yoast.com\/product\/yoast-seo-premium-wordpress\/ -->\n<title>Location de poursuite TAMTAM Annemasse<\/title>\n<meta name=\"description\" content=\"Location de poursuite pour votre \u00e9v\u00e9nement entre Annemasse, Gen\u00e8ve, Annecy, Thonon, Evian. Location de Mat\u00e9riel de Sonorisation, Eclairage en Haute-Savoie.\" \/>\n<meta name=\"robots\" content=\"index, follow, max-snippet:-1, max-image-preview:large, max-video-preview:-1\" \/>\n<link rel=\"canonical\" href=\"https:\/\/www.tamtamsn.com\/location\/produit\/poursuite-followspot-75st\/\" \/>\n<meta property=\"og:locale\" content=\"fr_FR\" \/>\n<meta property=\"og:type\" content=\"article\" \/>\n<meta property=\"og:title\" content=\"Poursuite LED Chauvet FollowSpot 75ST\" \/>\n<meta property=\"og:description\" content=\"&nbsp;  &nbsp;  Cette poursuite LED blanc de 75 watts diffuse un faisceau pr\u00e9cis aux contours bien nets.  Facile \u00e0 installer et \u00e0 d\u00e9monter, Son stroboscope \u00e9lectronique est ultra rapide, silencieux et sans aucune vibration.  Le dimmer LED et ses courbes douces sont parfaits pour focaliser votre sujet.\u00a0 Avec sa fente gobo, projetez des motifs nets sur tous types de surfaces.\" \/>\n<meta property=\"og:url\" content=\"https:\/\/www.tamtamsn.com\/location\/produit\/poursuite-followspot-75st\/\" \/>\n<meta property=\"og:site_name\" content=\"TAMTAM Annemasse - Espace Location\" \/>\n<meta property=\"article:publisher\" content=\"https:\/\/www.facebook.com\/tamtam74100\" \/>\n<meta property=\"article:modified_time\" content=\"2025-08-13T13:35:32+00:00\" \/>\n<meta property=\"og:image\" content=\"https:\/\/www.tamtamsn.com\/location\/wp-content\/uploads\/sites\/3\/2019\/12\/followspot-200st.png\" \/>\n\t<meta property=\"og:image:width\" content=\"1100\" \/>\n\t<meta property=\"og:image:height\" content=\"1422\" \/>\n\t<meta property=\"og:image:type\" content=\"image\/png\" \/>\n<meta name=\"twitter:card\" content=\"summary_large_image\" \/>\n<meta name=\"twitter:label1\" content=\"Dur\u00e9e de lecture estim\u00e9e\" \/>\n\t<meta name=\"twitter:data1\" content=\"1 minute\" \/>\n<script type=\"application\/ld+json\" class=\"yoast-schema-graph\">{\"@context\":\"https:\\\/\\\/schema.org\",\"@graph\":[{\"@type\":[\"WebPage\",\"ItemPage\"],\"@id\":\"https:\\\/\\\/www.tamtamsn.com\\\/location\\\/produit\\\/poursuite-followspot-75st\\\/\",\"url\":\"https:\\\/\\\/www.tamtamsn.com\\\/location\\\/produit\\\/poursuite-followspot-75st\\\/\",\"name\":\"Location de poursuite TAMTAM Annemasse\",\"isPartOf\":{\"@id\":\"https:\\\/\\\/www.tamtamsn.com\\\/location\\\/#website\"},\"primaryImageOfPage\":{\"@id\":\"https:\\\/\\\/www.tamtamsn.com\\\/location\\\/produit\\\/poursuite-followspot-75st\\\/#primaryimage\"},\"image\":{\"@id\":\"https:\\\/\\\/www.tamtamsn.com\\\/location\\\/produit\\\/poursuite-followspot-75st\\\/#primaryimage\"},\"thumbnailUrl\":\"https:\\\/\\\/www.tamtamsn.com\\\/location\\\/wp-content\\\/uploads\\\/sites\\\/3\\\/2019\\\/12\\\/followspot-200st.png\",\"datePublished\":\"2025-02-28T13:35:45+00:00\",\"dateModified\":\"2025-08-13T13:35:32+00:00\",\"description\":\"Location de poursuite pour votre \u00e9v\u00e9nement entre Annemasse, Gen\u00e8ve, Annecy, Thonon, Evian. Location de Mat\u00e9riel de Sonorisation, Eclairage en Haute-Savoie.\",\"breadcrumb\":{\"@id\":\"https:\\\/\\\/www.tamtamsn.com\\\/location\\\/produit\\\/poursuite-followspot-75st\\\/#breadcrumb\"},\"inLanguage\":\"fr-FR\",\"potentialAction\":[{\"@type\":\"ReadAction\",\"target\":[\"https:\\\/\\\/www.tamtamsn.com\\\/location\\\/produit\\\/poursuite-followspot-75st\\\/\"]}]},{\"@type\":\"ImageObject\",\"inLanguage\":\"fr-FR\",\"@id\":\"https:\\\/\\\/www.tamtamsn.com\\\/location\\\/produit\\\/poursuite-followspot-75st\\\/#primaryimage\",\"url\":\"https:\\\/\\\/www.tamtamsn.com\\\/location\\\/wp-content\\\/uploads\\\/sites\\\/3\\\/2019\\\/12\\\/followspot-200st.png\",\"contentUrl\":\"https:\\\/\\\/www.tamtamsn.com\\\/location\\\/wp-content\\\/uploads\\\/sites\\\/3\\\/2019\\\/12\\\/followspot-200st.png\",\"width\":1100,\"height\":1422},{\"@type\":\"BreadcrumbList\",\"@id\":\"https:\\\/\\\/www.tamtamsn.com\\\/location\\\/produit\\\/poursuite-followspot-75st\\\/#breadcrumb\",\"itemListElement\":[{\"@type\":\"ListItem\",\"position\":1,\"name\":\"Catalogue de Location de Mat\u00e9riel de Sonorisation, Eclairage &amp; Vid\u00e9o en Haute-Savoie\",\"item\":\"https:\\\/\\\/www.tamtamsn.com\\\/location\\\/\"},{\"@type\":\"ListItem\",\"position\":2,\"name\":\"Notre Catalogue Location en ligne\",\"item\":\"https:\\\/\\\/www.tamtamsn.com\\\/location\\\/catalogue-en-ligne-location-sonorisation-eclairage-video\\\/\"},{\"@type\":\"ListItem\",\"position\":3,\"name\":\"Poursuite LED Chauvet FollowSpot 75ST\"}]},{\"@type\":\"WebSite\",\"@id\":\"https:\\\/\\\/www.tamtamsn.com\\\/location\\\/#website\",\"url\":\"https:\\\/\\\/www.tamtamsn.com\\\/location\\\/\",\"name\":\"TAMTAM Annemasse - Espace Location\",\"description\":\"Location de mat\u00e9riel de Sonorisation, Eclairage et Vid\u00e9o \u00e0 Annemasse, Haute-Savoie et sur le Bassin Genevois\",\"publisher\":{\"@id\":\"https:\\\/\\\/www.tamtamsn.com\\\/location\\\/#organization\"},\"potentialAction\":[{\"@type\":\"SearchAction\",\"target\":{\"@type\":\"EntryPoint\",\"urlTemplate\":\"https:\\\/\\\/www.tamtamsn.com\\\/location\\\/?s={search_term_string}\"},\"query-input\":{\"@type\":\"PropertyValueSpecification\",\"valueRequired\":true,\"valueName\":\"search_term_string\"}}],\"inLanguage\":\"fr-FR\"},{\"@type\":\"Organization\",\"@id\":\"https:\\\/\\\/www.tamtamsn.com\\\/location\\\/#organization\",\"name\":\"TAMTAM\",\"url\":\"https:\\\/\\\/www.tamtamsn.com\\\/location\\\/\",\"logo\":{\"@type\":\"ImageObject\",\"inLanguage\":\"fr-FR\",\"@id\":\"https:\\\/\\\/www.tamtamsn.com\\\/location\\\/#\\\/schema\\\/logo\\\/image\\\/\",\"url\":\"\",\"contentUrl\":\"\",\"caption\":\"TAMTAM\"},\"image\":{\"@id\":\"https:\\\/\\\/www.tamtamsn.com\\\/location\\\/#\\\/schema\\\/logo\\\/image\\\/\"},\"sameAs\":[\"https:\\\/\\\/www.facebook.com\\\/tamtam74100\"]}]}<\/script>\n<!-- \/ Yoast SEO Premium plugin. -->","yoast_head_json":{"title":"Location de poursuite TAMTAM Annemasse","description":"Location de poursuite pour votre \u00e9v\u00e9nement entre Annemasse, Gen\u00e8ve, Annecy, Thonon, Evian. Location de Mat\u00e9riel de Sonorisation, Eclairage en Haute-Savoie.","robots":{"index":"index","follow":"follow","max-snippet":"max-snippet:-1","max-image-preview":"max-image-preview:large","max-video-preview":"max-video-preview:-1"},"canonical":"https:\/\/www.tamtamsn.com\/location\/produit\/poursuite-followspot-75st\/","og_locale":"fr_FR","og_type":"article","og_title":"Poursuite LED Chauvet FollowSpot 75ST","og_description":"&nbsp;  &nbsp;  Cette poursuite LED blanc de 75 watts diffuse un faisceau pr\u00e9cis aux contours bien nets.  Facile \u00e0 installer et \u00e0 d\u00e9monter, Son stroboscope \u00e9lectronique est ultra rapide, silencieux et sans aucune vibration.  Le dimmer LED et ses courbes douces sont parfaits pour focaliser votre sujet.\u00a0 Avec sa fente gobo, projetez des motifs nets sur tous types de surfaces.","og_url":"https:\/\/www.tamtamsn.com\/location\/produit\/poursuite-followspot-75st\/","og_site_name":"TAMTAM Annemasse - Espace Location","article_publisher":"https:\/\/www.facebook.com\/tamtam74100","article_modified_time":"2025-08-13T13:35:32+00:00","og_image":[{"width":1100,"height":1422,"url":"https:\/\/www.tamtamsn.com\/location\/wp-content\/uploads\/sites\/3\/2019\/12\/followspot-200st.png","type":"image\/png"}],"twitter_card":"summary_large_image","twitter_misc":{"Dur\u00e9e de lecture estim\u00e9e":"1 minute"},"schema":{"@context":"https:\/\/schema.org","@graph":[{"@type":["WebPage","ItemPage"],"@id":"https:\/\/www.tamtamsn.com\/location\/produit\/poursuite-followspot-75st\/","url":"https:\/\/www.tamtamsn.com\/location\/produit\/poursuite-followspot-75st\/","name":"Location de poursuite TAMTAM Annemasse","isPartOf":{"@id":"https:\/\/www.tamtamsn.com\/location\/#website"},"primaryImageOfPage":{"@id":"https:\/\/www.tamtamsn.com\/location\/produit\/poursuite-followspot-75st\/#primaryimage"},"image":{"@id":"https:\/\/www.tamtamsn.com\/location\/produit\/poursuite-followspot-75st\/#primaryimage"},"thumbnailUrl":"https:\/\/www.tamtamsn.com\/location\/wp-content\/uploads\/sites\/3\/2019\/12\/followspot-200st.png","datePublished":"2025-02-28T13:35:45+00:00","dateModified":"2025-08-13T13:35:32+00:00","description":"Location de poursuite pour votre \u00e9v\u00e9nement entre Annemasse, Gen\u00e8ve, Annecy, Thonon, Evian. Location de Mat\u00e9riel de Sonorisation, Eclairage en Haute-Savoie.","breadcrumb":{"@id":"https:\/\/www.tamtamsn.com\/location\/produit\/poursuite-followspot-75st\/#breadcrumb"},"inLanguage":"fr-FR","potentialAction":[{"@type":"ReadAction","target":["https:\/\/www.tamtamsn.com\/location\/produit\/poursuite-followspot-75st\/"]}]},{"@type":"ImageObject","inLanguage":"fr-FR","@id":"https:\/\/www.tamtamsn.com\/location\/produit\/poursuite-followspot-75st\/#primaryimage","url":"https:\/\/www.tamtamsn.com\/location\/wp-content\/uploads\/sites\/3\/2019\/12\/followspot-200st.png","contentUrl":"https:\/\/www.tamtamsn.com\/location\/wp-content\/uploads\/sites\/3\/2019\/12\/followspot-200st.png","width":1100,"height":1422},{"@type":"BreadcrumbList","@id":"https:\/\/www.tamtamsn.com\/location\/produit\/poursuite-followspot-75st\/#breadcrumb","itemListElement":[{"@type":"ListItem","position":1,"name":"Catalogue de Location de Mat\u00e9riel de Sonorisation, Eclairage &amp; Vid\u00e9o en Haute-Savoie","item":"https:\/\/www.tamtamsn.com\/location\/"},{"@type":"ListItem","position":2,"name":"Notre Catalogue Location en ligne","item":"https:\/\/www.tamtamsn.com\/location\/catalogue-en-ligne-location-sonorisation-eclairage-video\/"},{"@type":"ListItem","position":3,"name":"Poursuite LED Chauvet FollowSpot 75ST"}]},{"@type":"WebSite","@id":"https:\/\/www.tamtamsn.com\/location\/#website","url":"https:\/\/www.tamtamsn.com\/location\/","name":"TAMTAM Annemasse - Espace Location","description":"Location de mat\u00e9riel de Sonorisation, Eclairage et Vid\u00e9o \u00e0 Annemasse, Haute-Savoie et sur le Bassin Genevois","publisher":{"@id":"https:\/\/www.tamtamsn.com\/location\/#organization"},"potentialAction":[{"@type":"SearchAction","target":{"@type":"EntryPoint","urlTemplate":"https:\/\/www.tamtamsn.com\/location\/?s={search_term_string}"},"query-input":{"@type":"PropertyValueSpecification","valueRequired":true,"valueName":"search_term_string"}}],"inLanguage":"fr-FR"},{"@type":"Organization","@id":"https:\/\/www.tamtamsn.com\/location\/#organization","name":"TAMTAM","url":"https:\/\/www.tamtamsn.com\/location\/","logo":{"@type":"ImageObject","inLanguage":"fr-FR","@id":"https:\/\/www.tamtamsn.com\/location\/#\/schema\/logo\/image\/","url":"","contentUrl":"","caption":"TAMTAM"},"image":{"@id":"https:\/\/www.tamtamsn.com\/location\/#\/schema\/logo\/image\/"},"sameAs":["https:\/\/www.facebook.com\/tamtam74100"]}]}},"jetpack_sharing_enabled":true,"_links":{"self":[{"href":"https:\/\/www.tamtamsn.com\/location\/wp-json\/wp\/v2\/product\/2616","targetHints":{"allow":["GET"]}}],"collection":[{"href":"https:\/\/www.tamtamsn.com\/location\/wp-json\/wp\/v2\/product"}],"about":[{"href":"https:\/\/www.tamtamsn.com\/location\/wp-json\/wp\/v2\/types\/product"}],"wp:featuredmedia":[{"embeddable":true,"href":"https:\/\/www.tamtamsn.com\/location\/wp-json\/wp\/v2\/media\/4834"}],"wp:attachment":[{"href":"https:\/\/www.tamtamsn.com\/location\/wp-json\/wp\/v2\/media?parent=2616"}],"wp:term":[{"taxonomy":"product_brand","embeddable":true,"href":"https:\/\/www.tamtamsn.com\/location\/wp-json\/wp\/v2\/product_brand?post=2616"},{"taxonomy":"product_cat","embeddable":true,"href":"https:\/\/www.tamtamsn.com\/location\/wp-json\/wp\/v2\/product_cat?post=2616"},{"taxonomy":"product_tag","embeddable":true,"href":"https:\/\/www.tamtamsn.com\/location\/wp-json\/wp\/v2\/product_tag?post=2616"}],"curies":[{"name":"wp","href":"https:\/\/api.w.org\/{rel}","templated":true}]}}