{"id":2609,"date":"2019-12-19T13:59:45","date_gmt":"2019-12-19T12:59:45","guid":{"rendered":"https:\/\/www.tamtamsn.com\/location\/produit\/grill-structure-asd-5m-x-5m-h-35m\/"},"modified":"2025-02-04T12:35:53","modified_gmt":"2025-02-04T11:35:53","slug":"grill-structure-5m-x-5m-h-35m","status":"publish","type":"product","link":"https:\/\/www.tamtamsn.com\/location\/produit\/grill-structure-5m-x-5m-h-35m\/","title":{"rendered":"Grill Auto-port\u00e9 de structure 5m x 5m \/ H: 3.5m"},"content":{"rendered":"<p>Location de Grill Auto-port\u00e9 de structure 5m x 5m \/ H: 3.5m pour fixer vos \u00e9clairages, sonorisation, etc&#8230;<\/p>\n<p><strong>Kit compos\u00e9 de\u00a0:<\/strong><\/p>\n<ul>\n<li>12x <a href=\"https:\/\/www.tamtamsn.com\/location\/produit\/barre-de-structure-2m\/\">Barre de 2m\u00a0Structure\u00a0Carr\u00e9 290<\/a><\/li>\n<li>4x <a href=\"https:\/\/www.tamtamsn.com\/location\/produit\/barre-de-structure-asd-sz290-1m\/\">Barre de 1m\u00a0Structure\u00a0Carr\u00e9 290<\/a><\/li>\n<li>4x Angle 3D\u00a0Structure\u00a0Carr\u00e9 290<\/li>\n<li>4x Embases de sol<\/li>\n<li>Kit Manchons et Goupilles<\/li>\n<\/ul>\n<h3 style=\"text-align: center;\"><a href=\"https:\/\/www.tamtamsn.com\/demande-de-devis-informations-rendez-vous\/\"><span style=\"color: #ff0000;\"><strong>Autres configurations sur simple demande !<\/strong><\/span><\/a><\/h3>\n<p>&nbsp;<\/p>\n<p style=\"text-align: center;\"><b>Retrouvez tout notre catalogue de <a href=\"https:\/\/www.tamtamsn.com\/location\/categorie-produit\/structure-scene\/\">location de Structures &amp; Equipements Sc\u00e9nique en Haute-Savoie<\/a>.<\/b><\/p>\n","protected":false},"excerpt":{"rendered":"<ul>\n<li>Dimensions du Grill: 5m x 5m<\/li>\n<li>Hauteur du Grill: 3,5m<\/li>\n<li>Charge maxi: 300kg \/ml<\/li>\n<\/ul>\n","protected":false},"featured_media":1371,"template":"","meta":[],"product_brand":[],"product_cat":[554],"product_tag":[1275,1276,1274,1277],"class_list":{"0":"post-2609","1":"product","2":"type-product","3":"status-publish","4":"has-post-thumbnail","6":"product_cat-structure-scene","7":"product_tag-location-grill","8":"product_tag-location-grill-structure","9":"product_tag-location-structure","10":"product_tag-location-structure-projecteur","11":"pa_marque-prolyte","13":"first","14":"instock","15":"taxable","16":"shipping-taxable","17":"purchasable","18":"product-type-simple"},"yoast_head":"<!-- This site is optimized with the Yoast SEO Premium plugin v27.4 (Yoast SEO v27.6) - https:\/\/yoast.com\/product\/yoast-seo-premium-wordpress\/ -->\n<title>Location de Grill Auto-port\u00e9 de structure - TAMTAM Annemasse - Espace Location<\/title>\n<meta name=\"description\" content=\"Location de Grill Auto-port\u00e9 de structure 5m x 5m \/ H: 3.5m pour votre \u00e9v\u00e9nement entre Annemasse, Gen\u00e8ve, Bonneville, Annecy, Thonon, Evian. Location de Mat\u00e9riel de Sonorisation, Eclairage et Vid\u00e9o en Haute-Savoie.\" \/>\n<meta name=\"robots\" content=\"index, follow, max-snippet:-1, max-image-preview:large, max-video-preview:-1\" \/>\n<link rel=\"canonical\" href=\"https:\/\/www.tamtamsn.com\/location\/produit\/grill-structure-5m-x-5m-h-35m\/\" \/>\n<meta property=\"og:locale\" content=\"fr_FR\" \/>\n<meta property=\"og:type\" content=\"article\" \/>\n<meta property=\"og:title\" content=\"Grill Auto-port\u00e9 de structure 5m x 5m \/ H: 3.5m\" \/>\n<meta property=\"og:description\" content=\"Dimensions du Grill: 5m x 5m  Hauteur du Grill: 3,5m  Charge maxi: 300kg \/ml\" \/>\n<meta property=\"og:url\" content=\"https:\/\/www.tamtamsn.com\/location\/produit\/grill-structure-5m-x-5m-h-35m\/\" \/>\n<meta property=\"og:site_name\" content=\"TAMTAM Annemasse - Espace Location\" \/>\n<meta property=\"article:publisher\" content=\"https:\/\/www.facebook.com\/tamtam74100\" \/>\n<meta property=\"article:modified_time\" content=\"2025-02-04T11:35:53+00:00\" \/>\n<meta property=\"og:image\" content=\"https:\/\/www.tamtamsn.com\/location\/wp-content\/uploads\/sites\/3\/2019\/12\/365-Grill-structure-ASD-5m-x-5m-H-3.5m.jpg\" \/>\n\t<meta property=\"og:image:width\" content=\"600\" \/>\n\t<meta property=\"og:image:height\" content=\"600\" \/>\n\t<meta property=\"og:image:type\" content=\"image\/jpeg\" \/>\n<meta name=\"twitter:card\" content=\"summary_large_image\" \/>\n<meta name=\"twitter:label1\" content=\"Dur\u00e9e de lecture estim\u00e9e\" \/>\n\t<meta name=\"twitter:data1\" content=\"1 minute\" \/>\n<script type=\"application\/ld+json\" class=\"yoast-schema-graph\">{\"@context\":\"https:\\\/\\\/schema.org\",\"@graph\":[{\"@type\":[\"WebPage\",\"ItemPage\"],\"@id\":\"https:\\\/\\\/www.tamtamsn.com\\\/location\\\/produit\\\/grill-structure-5m-x-5m-h-35m\\\/\",\"url\":\"https:\\\/\\\/www.tamtamsn.com\\\/location\\\/produit\\\/grill-structure-5m-x-5m-h-35m\\\/\",\"name\":\"Location de Grill Auto-port\u00e9 de structure - TAMTAM Annemasse - Espace Location\",\"isPartOf\":{\"@id\":\"https:\\\/\\\/www.tamtamsn.com\\\/location\\\/#website\"},\"primaryImageOfPage\":{\"@id\":\"https:\\\/\\\/www.tamtamsn.com\\\/location\\\/produit\\\/grill-structure-5m-x-5m-h-35m\\\/#primaryimage\"},\"image\":{\"@id\":\"https:\\\/\\\/www.tamtamsn.com\\\/location\\\/produit\\\/grill-structure-5m-x-5m-h-35m\\\/#primaryimage\"},\"thumbnailUrl\":\"https:\\\/\\\/www.tamtamsn.com\\\/location\\\/wp-content\\\/uploads\\\/sites\\\/3\\\/2019\\\/12\\\/365-Grill-structure-ASD-5m-x-5m-H-3.5m.jpg\",\"datePublished\":\"2019-12-19T12:59:45+00:00\",\"dateModified\":\"2025-02-04T11:35:53+00:00\",\"description\":\"Location de Grill Auto-port\u00e9 de structure 5m x 5m \\\/ H: 3.5m pour votre \u00e9v\u00e9nement entre Annemasse, Gen\u00e8ve, Bonneville, Annecy, Thonon, Evian. Location de Mat\u00e9riel de Sonorisation, Eclairage et Vid\u00e9o en Haute-Savoie.\",\"breadcrumb\":{\"@id\":\"https:\\\/\\\/www.tamtamsn.com\\\/location\\\/produit\\\/grill-structure-5m-x-5m-h-35m\\\/#breadcrumb\"},\"inLanguage\":\"fr-FR\",\"potentialAction\":[{\"@type\":\"ReadAction\",\"target\":[\"https:\\\/\\\/www.tamtamsn.com\\\/location\\\/produit\\\/grill-structure-5m-x-5m-h-35m\\\/\"]}]},{\"@type\":\"ImageObject\",\"inLanguage\":\"fr-FR\",\"@id\":\"https:\\\/\\\/www.tamtamsn.com\\\/location\\\/produit\\\/grill-structure-5m-x-5m-h-35m\\\/#primaryimage\",\"url\":\"https:\\\/\\\/www.tamtamsn.com\\\/location\\\/wp-content\\\/uploads\\\/sites\\\/3\\\/2019\\\/12\\\/365-Grill-structure-ASD-5m-x-5m-H-3.5m.jpg\",\"contentUrl\":\"https:\\\/\\\/www.tamtamsn.com\\\/location\\\/wp-content\\\/uploads\\\/sites\\\/3\\\/2019\\\/12\\\/365-Grill-structure-ASD-5m-x-5m-H-3.5m.jpg\",\"width\":600,\"height\":600,\"caption\":\"Location Grill Auto-port\u00e9 de structure ASD 5m x 5m \\\/ H: 3m en Haute-Savoie.\"},{\"@type\":\"BreadcrumbList\",\"@id\":\"https:\\\/\\\/www.tamtamsn.com\\\/location\\\/produit\\\/grill-structure-5m-x-5m-h-35m\\\/#breadcrumb\",\"itemListElement\":[{\"@type\":\"ListItem\",\"position\":1,\"name\":\"Catalogue de Location de Mat\u00e9riel de Sonorisation, Eclairage &amp; Vid\u00e9o en Haute-Savoie\",\"item\":\"https:\\\/\\\/www.tamtamsn.com\\\/location\\\/\"},{\"@type\":\"ListItem\",\"position\":2,\"name\":\"Notre Catalogue Location en ligne\",\"item\":\"https:\\\/\\\/www.tamtamsn.com\\\/location\\\/catalogue-en-ligne-location-sonorisation-eclairage-video\\\/\"},{\"@type\":\"ListItem\",\"position\":3,\"name\":\"Location Grill\",\"item\":\"https:\\\/\\\/www.tamtamsn.com\\\/location\\\/etiquette-produit\\\/location-grill\\\/\"},{\"@type\":\"ListItem\",\"position\":4,\"name\":\"Grill Auto-port\u00e9 de structure 5m x 5m \\\/ H: 3.5m\"}]},{\"@type\":\"WebSite\",\"@id\":\"https:\\\/\\\/www.tamtamsn.com\\\/location\\\/#website\",\"url\":\"https:\\\/\\\/www.tamtamsn.com\\\/location\\\/\",\"name\":\"TAMTAM Annemasse - Espace Location\",\"description\":\"Location de mat\u00e9riel de Sonorisation, Eclairage et Vid\u00e9o \u00e0 Annemasse, Haute-Savoie et sur le Bassin Genevois\",\"publisher\":{\"@id\":\"https:\\\/\\\/www.tamtamsn.com\\\/location\\\/#organization\"},\"potentialAction\":[{\"@type\":\"SearchAction\",\"target\":{\"@type\":\"EntryPoint\",\"urlTemplate\":\"https:\\\/\\\/www.tamtamsn.com\\\/location\\\/?s={search_term_string}\"},\"query-input\":{\"@type\":\"PropertyValueSpecification\",\"valueRequired\":true,\"valueName\":\"search_term_string\"}}],\"inLanguage\":\"fr-FR\"},{\"@type\":\"Organization\",\"@id\":\"https:\\\/\\\/www.tamtamsn.com\\\/location\\\/#organization\",\"name\":\"TAMTAM\",\"url\":\"https:\\\/\\\/www.tamtamsn.com\\\/location\\\/\",\"logo\":{\"@type\":\"ImageObject\",\"inLanguage\":\"fr-FR\",\"@id\":\"https:\\\/\\\/www.tamtamsn.com\\\/location\\\/#\\\/schema\\\/logo\\\/image\\\/\",\"url\":\"\",\"contentUrl\":\"\",\"caption\":\"TAMTAM\"},\"image\":{\"@id\":\"https:\\\/\\\/www.tamtamsn.com\\\/location\\\/#\\\/schema\\\/logo\\\/image\\\/\"},\"sameAs\":[\"https:\\\/\\\/www.facebook.com\\\/tamtam74100\"]}]}<\/script>\n<!-- \/ Yoast SEO Premium plugin. -->","yoast_head_json":{"title":"Location de Grill Auto-port\u00e9 de structure - TAMTAM Annemasse - Espace Location","description":"Location de Grill Auto-port\u00e9 de structure 5m x 5m \/ H: 3.5m pour votre \u00e9v\u00e9nement entre Annemasse, Gen\u00e8ve, Bonneville, Annecy, Thonon, Evian. Location de Mat\u00e9riel de Sonorisation, Eclairage et Vid\u00e9o en Haute-Savoie.","robots":{"index":"index","follow":"follow","max-snippet":"max-snippet:-1","max-image-preview":"max-image-preview:large","max-video-preview":"max-video-preview:-1"},"canonical":"https:\/\/www.tamtamsn.com\/location\/produit\/grill-structure-5m-x-5m-h-35m\/","og_locale":"fr_FR","og_type":"article","og_title":"Grill Auto-port\u00e9 de structure 5m x 5m \/ H: 3.5m","og_description":"Dimensions du Grill: 5m x 5m  Hauteur du Grill: 3,5m  Charge maxi: 300kg \/ml","og_url":"https:\/\/www.tamtamsn.com\/location\/produit\/grill-structure-5m-x-5m-h-35m\/","og_site_name":"TAMTAM Annemasse - Espace Location","article_publisher":"https:\/\/www.facebook.com\/tamtam74100","article_modified_time":"2025-02-04T11:35:53+00:00","og_image":[{"width":600,"height":600,"url":"https:\/\/www.tamtamsn.com\/location\/wp-content\/uploads\/sites\/3\/2019\/12\/365-Grill-structure-ASD-5m-x-5m-H-3.5m.jpg","type":"image\/jpeg"}],"twitter_card":"summary_large_image","twitter_misc":{"Dur\u00e9e de lecture estim\u00e9e":"1 minute"},"schema":{"@context":"https:\/\/schema.org","@graph":[{"@type":["WebPage","ItemPage"],"@id":"https:\/\/www.tamtamsn.com\/location\/produit\/grill-structure-5m-x-5m-h-35m\/","url":"https:\/\/www.tamtamsn.com\/location\/produit\/grill-structure-5m-x-5m-h-35m\/","name":"Location de Grill Auto-port\u00e9 de structure - TAMTAM Annemasse - Espace Location","isPartOf":{"@id":"https:\/\/www.tamtamsn.com\/location\/#website"},"primaryImageOfPage":{"@id":"https:\/\/www.tamtamsn.com\/location\/produit\/grill-structure-5m-x-5m-h-35m\/#primaryimage"},"image":{"@id":"https:\/\/www.tamtamsn.com\/location\/produit\/grill-structure-5m-x-5m-h-35m\/#primaryimage"},"thumbnailUrl":"https:\/\/www.tamtamsn.com\/location\/wp-content\/uploads\/sites\/3\/2019\/12\/365-Grill-structure-ASD-5m-x-5m-H-3.5m.jpg","datePublished":"2019-12-19T12:59:45+00:00","dateModified":"2025-02-04T11:35:53+00:00","description":"Location de Grill Auto-port\u00e9 de structure 5m x 5m \/ H: 3.5m pour votre \u00e9v\u00e9nement entre Annemasse, Gen\u00e8ve, Bonneville, Annecy, Thonon, Evian. Location de Mat\u00e9riel de Sonorisation, Eclairage et Vid\u00e9o en Haute-Savoie.","breadcrumb":{"@id":"https:\/\/www.tamtamsn.com\/location\/produit\/grill-structure-5m-x-5m-h-35m\/#breadcrumb"},"inLanguage":"fr-FR","potentialAction":[{"@type":"ReadAction","target":["https:\/\/www.tamtamsn.com\/location\/produit\/grill-structure-5m-x-5m-h-35m\/"]}]},{"@type":"ImageObject","inLanguage":"fr-FR","@id":"https:\/\/www.tamtamsn.com\/location\/produit\/grill-structure-5m-x-5m-h-35m\/#primaryimage","url":"https:\/\/www.tamtamsn.com\/location\/wp-content\/uploads\/sites\/3\/2019\/12\/365-Grill-structure-ASD-5m-x-5m-H-3.5m.jpg","contentUrl":"https:\/\/www.tamtamsn.com\/location\/wp-content\/uploads\/sites\/3\/2019\/12\/365-Grill-structure-ASD-5m-x-5m-H-3.5m.jpg","width":600,"height":600,"caption":"Location Grill Auto-port\u00e9 de structure ASD 5m x 5m \/ H: 3m en Haute-Savoie."},{"@type":"BreadcrumbList","@id":"https:\/\/www.tamtamsn.com\/location\/produit\/grill-structure-5m-x-5m-h-35m\/#breadcrumb","itemListElement":[{"@type":"ListItem","position":1,"name":"Catalogue de Location de Mat\u00e9riel de Sonorisation, Eclairage &amp; Vid\u00e9o en Haute-Savoie","item":"https:\/\/www.tamtamsn.com\/location\/"},{"@type":"ListItem","position":2,"name":"Notre Catalogue Location en ligne","item":"https:\/\/www.tamtamsn.com\/location\/catalogue-en-ligne-location-sonorisation-eclairage-video\/"},{"@type":"ListItem","position":3,"name":"Location Grill","item":"https:\/\/www.tamtamsn.com\/location\/etiquette-produit\/location-grill\/"},{"@type":"ListItem","position":4,"name":"Grill Auto-port\u00e9 de structure 5m x 5m \/ H: 3.5m"}]},{"@type":"WebSite","@id":"https:\/\/www.tamtamsn.com\/location\/#website","url":"https:\/\/www.tamtamsn.com\/location\/","name":"TAMTAM Annemasse - Espace Location","description":"Location de mat\u00e9riel de Sonorisation, Eclairage et Vid\u00e9o \u00e0 Annemasse, Haute-Savoie et sur le Bassin Genevois","publisher":{"@id":"https:\/\/www.tamtamsn.com\/location\/#organization"},"potentialAction":[{"@type":"SearchAction","target":{"@type":"EntryPoint","urlTemplate":"https:\/\/www.tamtamsn.com\/location\/?s={search_term_string}"},"query-input":{"@type":"PropertyValueSpecification","valueRequired":true,"valueName":"search_term_string"}}],"inLanguage":"fr-FR"},{"@type":"Organization","@id":"https:\/\/www.tamtamsn.com\/location\/#organization","name":"TAMTAM","url":"https:\/\/www.tamtamsn.com\/location\/","logo":{"@type":"ImageObject","inLanguage":"fr-FR","@id":"https:\/\/www.tamtamsn.com\/location\/#\/schema\/logo\/image\/","url":"","contentUrl":"","caption":"TAMTAM"},"image":{"@id":"https:\/\/www.tamtamsn.com\/location\/#\/schema\/logo\/image\/"},"sameAs":["https:\/\/www.facebook.com\/tamtam74100"]}]}},"jetpack_sharing_enabled":true,"_links":{"self":[{"href":"https:\/\/www.tamtamsn.com\/location\/wp-json\/wp\/v2\/product\/2609","targetHints":{"allow":["GET"]}}],"collection":[{"href":"https:\/\/www.tamtamsn.com\/location\/wp-json\/wp\/v2\/product"}],"about":[{"href":"https:\/\/www.tamtamsn.com\/location\/wp-json\/wp\/v2\/types\/product"}],"wp:featuredmedia":[{"embeddable":true,"href":"https:\/\/www.tamtamsn.com\/location\/wp-json\/wp\/v2\/media\/1371"}],"wp:attachment":[{"href":"https:\/\/www.tamtamsn.com\/location\/wp-json\/wp\/v2\/media?parent=2609"}],"wp:term":[{"taxonomy":"product_brand","embeddable":true,"href":"https:\/\/www.tamtamsn.com\/location\/wp-json\/wp\/v2\/product_brand?post=2609"},{"taxonomy":"product_cat","embeddable":true,"href":"https:\/\/www.tamtamsn.com\/location\/wp-json\/wp\/v2\/product_cat?post=2609"},{"taxonomy":"product_tag","embeddable":true,"href":"https:\/\/www.tamtamsn.com\/location\/wp-json\/wp\/v2\/product_tag?post=2609"}],"curies":[{"name":"wp","href":"https:\/\/api.w.org\/{rel}","templated":true}]}}