{"id":2590,"date":"2019-12-19T13:59:42","date_gmt":"2019-12-19T12:59:42","guid":{"rendered":"https:\/\/www.tamtamsn.com\/location\/produit\/location-mange-debout\/"},"modified":"2025-08-13T15:42:07","modified_gmt":"2025-08-13T13:42:07","slug":"contest-fusion-180","status":"publish","type":"product","link":"https:\/\/www.tamtamsn.com\/location\/produit\/contest-fusion-180\/","title":{"rendered":"Lyre LED 180W Contest Fusion 180"},"content":{"rendered":"<p><strong>Source lumineuse<\/strong><br \/>\nLED 180W<\/p>\n<p><strong>Couleurs, Gobos et Effets<\/strong><br \/>\n1 roue de 10 couleurs dichro\u00efques avec effets rainbow<br \/>\n1 roue de 9 gobos rotatifs interchangeables et indexables avec effet gobo shake<br \/>\n1 roue de 12 gobos fixes +\u00a0 3 r\u00e9ducteurs de faisceaux avec effet gobo shake<br \/>\nPrisme 8 facettes circulaire rotatif<br \/>\nPrisme 6 facettes lin\u00e9aire rotatif<br \/>\nFiltre Frost progressif pour les effets wash<br \/>\nZoom lin\u00e9aire de 6 \u00e0 21\u00b0 permettant de passer du mode beam au mode spot en toute transparence<br \/>\nFonction wash allant de 34\u00b0 \u00e0 60\u00b0<br \/>\nStroboscope variable de 1 \u00e0 25 flashes par seconde et strobe al\u00e9atoire<br \/>\nDimmer \u00e9lectronique de 0 \u00e0 100% avec 4 courbes de dimming<br \/>\nFocus motoris\u00e9 tr\u00e8s pr\u00e9cis<\/p>\n<p><strong>Contr\u00f4les<\/strong><br \/>\nStandard DMX-512<br \/>\n17, 19 ou 20 canaux DMX (3 modes : Basique, Standard ou Expert)<br \/>\nPatch assignable pour tous les canaux<br \/>\n9 programmes internes accessibles depuis le DMX<br \/>\nProgrammes internes musicaux<br \/>\nD\u00e9tection automatique du mode DMX ou Master \/ Slave<br \/>\nAfficheur couleur LCD \u00e0 menu d\u00e9roulant pour l\u2019assignation et le choix des diff\u00e9rents modes<br \/>\nMemory setting sur batterie pour l?adressage et le choix des modes m\u00eame sans alimentation 230V<br \/>\nCompatible RDM pour un retour d\u2019information \u00e0 la console<\/p>\n<p><strong>Mouvements<\/strong><br \/>\nPan et Tilt en r\u00e9solution 8 et 16 bits<br \/>\nAmplitude : Pan 540\u00b0 ou 630\u00b0- Tilt 270\u00b0<\/p>\n<p><strong>Optique<\/strong><br \/>\nOuverture du faisceau de 6\u00b0 \u00e0 21\u00b0 par zoom motoris\u00e9<br \/>\nIntensit\u00e9 lumineuse :<br \/>\n\u2013 33000 LUX \u00e0 5m pour une ouverture de 6\u00b0<br \/>\n\u2013 2180 LUX \u00e0 5m pour une ouverture de 24\u00b0<\/p>\n<p><strong>Connections<\/strong><br \/>\nDMX IN et OUT par fiches XLR 3 et 5 broches,<br \/>\nPOWER IN\/OUT par fiches powerCON<\/p>\n<p><strong>Contenu de l\u2019emballage<\/strong><br \/>\nLa lyre<br \/>\nLe guide de l\u2019utilisateur<br \/>\nUn cordon d\u2019alimentation powerCON \/ 2 p\u00f4les + terre<br \/>\n2 quicklock<\/p>\n<p><strong>Autres caract\u00e9ristiques<\/strong><br \/>\nConsommation : 305Wmax.<br \/>\nAlimentation : AC 100\/240V \u2013 50\/60Hz<br \/>\n2 syst\u00e8mes d?accrochage Quicklock\/Omega<br \/>\nDimensions : 369x288x583 mm<br \/>\nPoids Net : 18 Kg<\/p>\n","protected":false},"excerpt":{"rendered":"<p><strong>Fusion180<\/strong>\u00a0est une lyre hybride de type 3 en 1. Son syst\u00e8me optique derni\u00e8re g\u00e9n\u00e9ration lui permet de produire un faisceau Beam, Spot ou Wash.<br \/>\nSon focus motoris\u00e9 et son zoom lin\u00e9aire d\u2019une grande amplitude lui apportent une flexibilit\u00e9 maximum et une qualit\u00e9 de projection optimale dans n\u2019importe quel mode utilis\u00e9.<\/p>\n<p><strong>Des effets complets<\/strong><br \/>\nAvec ses prismes rotatifs 8 facettes circulaires ou 6 facettes lin\u00e9aires, vous pourrez moduler votre faisceau comme bon vous semble.<br \/>\nEnfin, pour un effet complet, Fusion180 est \u00e9quip\u00e9e d\u2019une roue de 15 gobos fixes dont 3 r\u00e9ducteurs, une roue de 9 gobos rotatifs et une roue de 10 couleurs + blanc.<\/p>\n<p>Enfin, pour un effet complet, Fusion180 est \u00e9quip\u00e9e d\u2019une roue de 15 gobos fixes dont 3 r\u00e9ducteurs, une roue de 9 gobos rotatifs et une roue de 10 couleurs + blanc.<\/p>\n","protected":false},"featured_media":4846,"template":"","meta":[],"product_brand":[],"product_cat":[553,1515],"product_tag":[1416],"class_list":{"0":"post-2590","1":"product","2":"type-product","3":"status-publish","4":"has-post-thumbnail","6":"product_cat-eclairage-light-oeuvre","7":"product_cat-location-de-lyres-led-sur-la-haute-savoie-et-la-suisse","8":"product_tag-location-lyre","10":"first","11":"instock","12":"taxable","13":"shipping-taxable","14":"purchasable","15":"product-type-simple"},"yoast_head":"<!-- This site is optimized with the Yoast SEO Premium plugin v27.3 (Yoast SEO v27.3) - https:\/\/yoast.com\/product\/yoast-seo-premium-wordpress\/ -->\n<title>Location de lyre TAMTAM Annemasse<\/title>\n<meta name=\"description\" content=\"Location de lyre pour votre \u00e9v\u00e9nement entre Annemasse, Gen\u00e8ve, Thonon, Evian. Location de Mat\u00e9riel de Sonorisation, Eclairage et Vid\u00e9o en Haute-Savoie.\" \/>\n<meta name=\"robots\" content=\"index, follow, max-snippet:-1, max-image-preview:large, max-video-preview:-1\" \/>\n<link rel=\"canonical\" href=\"https:\/\/www.tamtamsn.com\/location\/produit\/contest-fusion-180\/\" \/>\n<meta property=\"og:locale\" content=\"fr_FR\" \/>\n<meta property=\"og:type\" content=\"article\" \/>\n<meta property=\"og:title\" content=\"Lyre LED 180W Contest Fusion 180\" \/>\n<meta property=\"og:description\" content=\"Fusion180\u00a0est une lyre hybride de type 3 en 1. Son syst\u00e8me optique derni\u00e8re g\u00e9n\u00e9ration lui permet de produire un faisceau Beam, Spot ou Wash. Son focus motoris\u00e9 et son zoom lin\u00e9aire d\u2019une grande amplitude lui apportent une flexibilit\u00e9 maximum et une qualit\u00e9 de projection optimale dans n\u2019importe quel mode utilis\u00e9.  Des effets complets Avec ses prismes rotatifs 8 facettes circulaires ou 6 facettes lin\u00e9aires, vous pourrez moduler votre faisceau comme bon vous semble. Enfin, pour un effet complet, Fusion180 est \u00e9quip\u00e9e d\u2019une roue de 15 gobos fixes dont 3 r\u00e9ducteurs, une roue de 9 gobos rotatifs et une roue de 10 couleurs + blanc.  Enfin, pour un effet complet, Fusion180 est \u00e9quip\u00e9e d\u2019une roue de 15 gobos fixes dont 3 r\u00e9ducteurs, une roue de 9 gobos rotatifs et une roue de 10 couleurs + blanc.\" \/>\n<meta property=\"og:url\" content=\"https:\/\/www.tamtamsn.com\/location\/produit\/contest-fusion-180\/\" \/>\n<meta property=\"og:site_name\" content=\"TAMTAM Annemasse - Espace Location\" \/>\n<meta property=\"article:publisher\" content=\"https:\/\/www.facebook.com\/tamtam74100\" \/>\n<meta property=\"article:modified_time\" content=\"2025-08-13T13:42:07+00:00\" \/>\n<meta property=\"og:image\" content=\"https:\/\/www.tamtamsn.com\/location\/wp-content\/uploads\/sites\/3\/2019\/12\/fusion180-1.jpg\" \/>\n\t<meta property=\"og:image:width\" content=\"500\" \/>\n\t<meta property=\"og:image:height\" content=\"500\" \/>\n\t<meta property=\"og:image:type\" content=\"image\/jpeg\" \/>\n<meta name=\"twitter:card\" content=\"summary_large_image\" \/>\n<meta name=\"twitter:label1\" content=\"Dur\u00e9e de lecture estim\u00e9e\" \/>\n\t<meta name=\"twitter:data1\" content=\"2 minutes\" \/>\n<script type=\"application\/ld+json\" class=\"yoast-schema-graph\">{\"@context\":\"https:\\\/\\\/schema.org\",\"@graph\":[{\"@type\":[\"WebPage\",\"ItemPage\"],\"@id\":\"https:\\\/\\\/www.tamtamsn.com\\\/location\\\/produit\\\/contest-fusion-180\\\/\",\"url\":\"https:\\\/\\\/www.tamtamsn.com\\\/location\\\/produit\\\/contest-fusion-180\\\/\",\"name\":\"Location de lyre TAMTAM Annemasse\",\"isPartOf\":{\"@id\":\"https:\\\/\\\/www.tamtamsn.com\\\/location\\\/#website\"},\"primaryImageOfPage\":{\"@id\":\"https:\\\/\\\/www.tamtamsn.com\\\/location\\\/produit\\\/contest-fusion-180\\\/#primaryimage\"},\"image\":{\"@id\":\"https:\\\/\\\/www.tamtamsn.com\\\/location\\\/produit\\\/contest-fusion-180\\\/#primaryimage\"},\"thumbnailUrl\":\"https:\\\/\\\/www.tamtamsn.com\\\/location\\\/wp-content\\\/uploads\\\/sites\\\/3\\\/2019\\\/12\\\/fusion180-1.jpg\",\"datePublished\":\"2019-12-19T12:59:42+00:00\",\"dateModified\":\"2025-08-13T13:42:07+00:00\",\"description\":\"Location de lyre pour votre \u00e9v\u00e9nement entre Annemasse, Gen\u00e8ve, Thonon, Evian. Location de Mat\u00e9riel de Sonorisation, Eclairage et Vid\u00e9o en Haute-Savoie.\",\"breadcrumb\":{\"@id\":\"https:\\\/\\\/www.tamtamsn.com\\\/location\\\/produit\\\/contest-fusion-180\\\/#breadcrumb\"},\"inLanguage\":\"fr-FR\",\"potentialAction\":[{\"@type\":\"ReadAction\",\"target\":[\"https:\\\/\\\/www.tamtamsn.com\\\/location\\\/produit\\\/contest-fusion-180\\\/\"]}]},{\"@type\":\"ImageObject\",\"inLanguage\":\"fr-FR\",\"@id\":\"https:\\\/\\\/www.tamtamsn.com\\\/location\\\/produit\\\/contest-fusion-180\\\/#primaryimage\",\"url\":\"https:\\\/\\\/www.tamtamsn.com\\\/location\\\/wp-content\\\/uploads\\\/sites\\\/3\\\/2019\\\/12\\\/fusion180-1.jpg\",\"contentUrl\":\"https:\\\/\\\/www.tamtamsn.com\\\/location\\\/wp-content\\\/uploads\\\/sites\\\/3\\\/2019\\\/12\\\/fusion180-1.jpg\",\"width\":500,\"height\":500},{\"@type\":\"BreadcrumbList\",\"@id\":\"https:\\\/\\\/www.tamtamsn.com\\\/location\\\/produit\\\/contest-fusion-180\\\/#breadcrumb\",\"itemListElement\":[{\"@type\":\"ListItem\",\"position\":1,\"name\":\"Catalogue de Location de Mat\u00e9riel de Sonorisation, Eclairage &amp; Vid\u00e9o en Haute-Savoie\",\"item\":\"https:\\\/\\\/www.tamtamsn.com\\\/location\\\/\"},{\"@type\":\"ListItem\",\"position\":2,\"name\":\"Notre Catalogue Location en ligne\",\"item\":\"https:\\\/\\\/www.tamtamsn.com\\\/location\\\/catalogue-en-ligne-location-sonorisation-eclairage-video\\\/\"},{\"@type\":\"ListItem\",\"position\":3,\"name\":\"Location Lyre\",\"item\":\"https:\\\/\\\/www.tamtamsn.com\\\/location\\\/etiquette-produit\\\/location-lyre\\\/\"},{\"@type\":\"ListItem\",\"position\":4,\"name\":\"Lyre LED 180W Contest Fusion 180\"}]},{\"@type\":\"WebSite\",\"@id\":\"https:\\\/\\\/www.tamtamsn.com\\\/location\\\/#website\",\"url\":\"https:\\\/\\\/www.tamtamsn.com\\\/location\\\/\",\"name\":\"TAMTAM Annemasse - Espace Location\",\"description\":\"Location de mat\u00e9riel de Sonorisation, Eclairage et Vid\u00e9o \u00e0 Annemasse, Haute-Savoie et sur le Bassin Genevois\",\"publisher\":{\"@id\":\"https:\\\/\\\/www.tamtamsn.com\\\/location\\\/#organization\"},\"potentialAction\":[{\"@type\":\"SearchAction\",\"target\":{\"@type\":\"EntryPoint\",\"urlTemplate\":\"https:\\\/\\\/www.tamtamsn.com\\\/location\\\/?s={search_term_string}\"},\"query-input\":{\"@type\":\"PropertyValueSpecification\",\"valueRequired\":true,\"valueName\":\"search_term_string\"}}],\"inLanguage\":\"fr-FR\"},{\"@type\":\"Organization\",\"@id\":\"https:\\\/\\\/www.tamtamsn.com\\\/location\\\/#organization\",\"name\":\"TAMTAM\",\"url\":\"https:\\\/\\\/www.tamtamsn.com\\\/location\\\/\",\"logo\":{\"@type\":\"ImageObject\",\"inLanguage\":\"fr-FR\",\"@id\":\"https:\\\/\\\/www.tamtamsn.com\\\/location\\\/#\\\/schema\\\/logo\\\/image\\\/\",\"url\":\"\",\"contentUrl\":\"\",\"caption\":\"TAMTAM\"},\"image\":{\"@id\":\"https:\\\/\\\/www.tamtamsn.com\\\/location\\\/#\\\/schema\\\/logo\\\/image\\\/\"},\"sameAs\":[\"https:\\\/\\\/www.facebook.com\\\/tamtam74100\"]}]}<\/script>\n<!-- \/ Yoast SEO Premium plugin. -->","yoast_head_json":{"title":"Location de lyre TAMTAM Annemasse","description":"Location de lyre pour votre \u00e9v\u00e9nement entre Annemasse, Gen\u00e8ve, Thonon, Evian. Location de Mat\u00e9riel de Sonorisation, Eclairage et Vid\u00e9o en Haute-Savoie.","robots":{"index":"index","follow":"follow","max-snippet":"max-snippet:-1","max-image-preview":"max-image-preview:large","max-video-preview":"max-video-preview:-1"},"canonical":"https:\/\/www.tamtamsn.com\/location\/produit\/contest-fusion-180\/","og_locale":"fr_FR","og_type":"article","og_title":"Lyre LED 180W Contest Fusion 180","og_description":"Fusion180\u00a0est une lyre hybride de type 3 en 1. Son syst\u00e8me optique derni\u00e8re g\u00e9n\u00e9ration lui permet de produire un faisceau Beam, Spot ou Wash. Son focus motoris\u00e9 et son zoom lin\u00e9aire d\u2019une grande amplitude lui apportent une flexibilit\u00e9 maximum et une qualit\u00e9 de projection optimale dans n\u2019importe quel mode utilis\u00e9.  Des effets complets Avec ses prismes rotatifs 8 facettes circulaires ou 6 facettes lin\u00e9aires, vous pourrez moduler votre faisceau comme bon vous semble. Enfin, pour un effet complet, Fusion180 est \u00e9quip\u00e9e d\u2019une roue de 15 gobos fixes dont 3 r\u00e9ducteurs, une roue de 9 gobos rotatifs et une roue de 10 couleurs + blanc.  Enfin, pour un effet complet, Fusion180 est \u00e9quip\u00e9e d\u2019une roue de 15 gobos fixes dont 3 r\u00e9ducteurs, une roue de 9 gobos rotatifs et une roue de 10 couleurs + blanc.","og_url":"https:\/\/www.tamtamsn.com\/location\/produit\/contest-fusion-180\/","og_site_name":"TAMTAM Annemasse - Espace Location","article_publisher":"https:\/\/www.facebook.com\/tamtam74100","article_modified_time":"2025-08-13T13:42:07+00:00","og_image":[{"width":500,"height":500,"url":"https:\/\/www.tamtamsn.com\/location\/wp-content\/uploads\/sites\/3\/2019\/12\/fusion180-1.jpg","type":"image\/jpeg"}],"twitter_card":"summary_large_image","twitter_misc":{"Dur\u00e9e de lecture estim\u00e9e":"2 minutes"},"schema":{"@context":"https:\/\/schema.org","@graph":[{"@type":["WebPage","ItemPage"],"@id":"https:\/\/www.tamtamsn.com\/location\/produit\/contest-fusion-180\/","url":"https:\/\/www.tamtamsn.com\/location\/produit\/contest-fusion-180\/","name":"Location de lyre TAMTAM Annemasse","isPartOf":{"@id":"https:\/\/www.tamtamsn.com\/location\/#website"},"primaryImageOfPage":{"@id":"https:\/\/www.tamtamsn.com\/location\/produit\/contest-fusion-180\/#primaryimage"},"image":{"@id":"https:\/\/www.tamtamsn.com\/location\/produit\/contest-fusion-180\/#primaryimage"},"thumbnailUrl":"https:\/\/www.tamtamsn.com\/location\/wp-content\/uploads\/sites\/3\/2019\/12\/fusion180-1.jpg","datePublished":"2019-12-19T12:59:42+00:00","dateModified":"2025-08-13T13:42:07+00:00","description":"Location de lyre pour votre \u00e9v\u00e9nement entre Annemasse, Gen\u00e8ve, Thonon, Evian. Location de Mat\u00e9riel de Sonorisation, Eclairage et Vid\u00e9o en Haute-Savoie.","breadcrumb":{"@id":"https:\/\/www.tamtamsn.com\/location\/produit\/contest-fusion-180\/#breadcrumb"},"inLanguage":"fr-FR","potentialAction":[{"@type":"ReadAction","target":["https:\/\/www.tamtamsn.com\/location\/produit\/contest-fusion-180\/"]}]},{"@type":"ImageObject","inLanguage":"fr-FR","@id":"https:\/\/www.tamtamsn.com\/location\/produit\/contest-fusion-180\/#primaryimage","url":"https:\/\/www.tamtamsn.com\/location\/wp-content\/uploads\/sites\/3\/2019\/12\/fusion180-1.jpg","contentUrl":"https:\/\/www.tamtamsn.com\/location\/wp-content\/uploads\/sites\/3\/2019\/12\/fusion180-1.jpg","width":500,"height":500},{"@type":"BreadcrumbList","@id":"https:\/\/www.tamtamsn.com\/location\/produit\/contest-fusion-180\/#breadcrumb","itemListElement":[{"@type":"ListItem","position":1,"name":"Catalogue de Location de Mat\u00e9riel de Sonorisation, Eclairage &amp; Vid\u00e9o en Haute-Savoie","item":"https:\/\/www.tamtamsn.com\/location\/"},{"@type":"ListItem","position":2,"name":"Notre Catalogue Location en ligne","item":"https:\/\/www.tamtamsn.com\/location\/catalogue-en-ligne-location-sonorisation-eclairage-video\/"},{"@type":"ListItem","position":3,"name":"Location Lyre","item":"https:\/\/www.tamtamsn.com\/location\/etiquette-produit\/location-lyre\/"},{"@type":"ListItem","position":4,"name":"Lyre LED 180W Contest Fusion 180"}]},{"@type":"WebSite","@id":"https:\/\/www.tamtamsn.com\/location\/#website","url":"https:\/\/www.tamtamsn.com\/location\/","name":"TAMTAM Annemasse - Espace Location","description":"Location de mat\u00e9riel de Sonorisation, Eclairage et Vid\u00e9o \u00e0 Annemasse, Haute-Savoie et sur le Bassin Genevois","publisher":{"@id":"https:\/\/www.tamtamsn.com\/location\/#organization"},"potentialAction":[{"@type":"SearchAction","target":{"@type":"EntryPoint","urlTemplate":"https:\/\/www.tamtamsn.com\/location\/?s={search_term_string}"},"query-input":{"@type":"PropertyValueSpecification","valueRequired":true,"valueName":"search_term_string"}}],"inLanguage":"fr-FR"},{"@type":"Organization","@id":"https:\/\/www.tamtamsn.com\/location\/#organization","name":"TAMTAM","url":"https:\/\/www.tamtamsn.com\/location\/","logo":{"@type":"ImageObject","inLanguage":"fr-FR","@id":"https:\/\/www.tamtamsn.com\/location\/#\/schema\/logo\/image\/","url":"","contentUrl":"","caption":"TAMTAM"},"image":{"@id":"https:\/\/www.tamtamsn.com\/location\/#\/schema\/logo\/image\/"},"sameAs":["https:\/\/www.facebook.com\/tamtam74100"]}]}},"jetpack_sharing_enabled":true,"_links":{"self":[{"href":"https:\/\/www.tamtamsn.com\/location\/wp-json\/wp\/v2\/product\/2590","targetHints":{"allow":["GET"]}}],"collection":[{"href":"https:\/\/www.tamtamsn.com\/location\/wp-json\/wp\/v2\/product"}],"about":[{"href":"https:\/\/www.tamtamsn.com\/location\/wp-json\/wp\/v2\/types\/product"}],"wp:featuredmedia":[{"embeddable":true,"href":"https:\/\/www.tamtamsn.com\/location\/wp-json\/wp\/v2\/media\/4846"}],"wp:attachment":[{"href":"https:\/\/www.tamtamsn.com\/location\/wp-json\/wp\/v2\/media?parent=2590"}],"wp:term":[{"taxonomy":"product_brand","embeddable":true,"href":"https:\/\/www.tamtamsn.com\/location\/wp-json\/wp\/v2\/product_brand?post=2590"},{"taxonomy":"product_cat","embeddable":true,"href":"https:\/\/www.tamtamsn.com\/location\/wp-json\/wp\/v2\/product_cat?post=2590"},{"taxonomy":"product_tag","embeddable":true,"href":"https:\/\/www.tamtamsn.com\/location\/wp-json\/wp\/v2\/product_tag?post=2590"}],"curies":[{"name":"wp","href":"https:\/\/api.w.org\/{rel}","templated":true}]}}